{"id":11048,"date":"2022-05-12T11:49:40","date_gmt":"2022-05-12T09:49:40","guid":{"rendered":"https:\/\/marratxiesviu.es\/venue\/pont-des-caulls\/"},"modified":"2023-06-14T09:30:29","modified_gmt":"2023-06-14T07:30:29","slug":"pont-des-caulls","status":"publish","type":"venue","link":"https:\/\/visitmarratxi.es\/de\/venue\/pont-des-caulls\/","title":{"rendered":"Br\u00fccke Von Es Ca\u00fclls"},"content":{"rendered":"<p class=\"p1\">Diese Br\u00fccke, die aus Mar\u00e9s-Bl\u00f6cken aus dem 19. Jahrhundert erbaut wurde, wurde wieder aufgebaut, um das Hindernis des Coanegra-Baches zu \u00fcberwinden und die Kommunikation zwischen zwei herausragenden Besitzt\u00fcmern zu verbessern: Es Ca\u00fclls und Son Sale. Es wird angenommen, dass der Besitz von Son Sales mittelalterlichen Ursprungs ist. Die H\u00e4user hatten einen gro\u00dfen Weinkeller, eine M\u00fchle, einen Stall und andere landwirtschaftliche Einrichtungen, da sie der Ausbeutung von Johannisbrotb\u00e4umen, Olivenb\u00e4umen, Weinbergen und dem Anbau gewidmet waren. Im Laufe der Jahre wurde es erweitert und reformiert. Es war der wertvollste Besitz von Marratx\u00ed und einer der bedeutendsten und gr\u00f6\u00dften auf Mallorca. Im Jahr 1800 wurde es in zwei Teile geteilt: Son Sales und Es Ca\u00fclls, wobei letztere als eine Erweiterung entstand, die als Viehzuchtgebiet genutzt wurde und bis zu 3.000 Schafe und 500 Olivenb\u00e4ume hatte. Als es geteilt wurde, nannten sie es Son Sales Neu, bis der alte Ortsname Es Ca\u00fclls reguliert wurde.<\/p><p class=\"p1\"><span class=\"s1\">Es wurde von den Besitzern des benachbarten Anwesens Son Ver\u00ed erworben, die diese Br\u00fcckewieder aufbauen lie\u00dfen. Aus diesem Grund kann man an den Seiten desselben <b>zwei Schildesehen:<\/b> das linke entspricht der Familie Ver\u00ed und das rechte der Familie Sales.<\/span><\/p><div class=\"wp-block-columns is-layout-flex wp-container-core-columns-is-layout-9d6595d7 wp-block-columns-is-layout-flex\"><div class=\"wp-block-column is-layout-flow wp-block-column-is-layout-flow\"><figure class=\"wp-block-image size-large\"><img loading=\"lazy\" decoding=\"async\" width=\"1024\" height=\"683\" class=\"wp-image-5178\" src=\"https:\/\/visitmarratxi.es\/wp-content\/uploads\/2022\/05\/DSC03508-1-1024x683.jpg\" alt=\"\" srcset=\"https:\/\/visitmarratxi.es\/wp-content\/uploads\/2022\/05\/DSC03508-1-1024x683.jpg 1024w, https:\/\/visitmarratxi.es\/wp-content\/uploads\/2022\/05\/DSC03508-1-300x200.jpg 300w, https:\/\/visitmarratxi.es\/wp-content\/uploads\/2022\/05\/DSC03508-1-768x512.jpg 768w, https:\/\/visitmarratxi.es\/wp-content\/uploads\/2022\/05\/DSC03508-1-1536x1024.jpg 1536w, https:\/\/visitmarratxi.es\/wp-content\/uploads\/2022\/05\/DSC03508-1-2048x1365.jpg 2048w, https:\/\/visitmarratxi.es\/wp-content\/uploads\/2022\/05\/DSC03508-1-600x400.jpg 600w\" sizes=\"auto, (max-width: 1024px) 100vw, 1024px\" \/><\/figure><\/div>\r\n\r\n<div class=\"wp-block-column is-layout-flow wp-block-column-is-layout-flow\"><figure class=\"wp-block-image size-large\"><img loading=\"lazy\" decoding=\"async\" width=\"1024\" height=\"683\" class=\"wp-image-5180\" src=\"https:\/\/visitmarratxi.es\/wp-content\/uploads\/2022\/05\/DSC03504-3-1024x683.jpg\" alt=\"\" srcset=\"https:\/\/visitmarratxi.es\/wp-content\/uploads\/2022\/05\/DSC03504-3-1024x683.jpg 1024w, https:\/\/visitmarratxi.es\/wp-content\/uploads\/2022\/05\/DSC03504-3-300x200.jpg 300w, https:\/\/visitmarratxi.es\/wp-content\/uploads\/2022\/05\/DSC03504-3-768x512.jpg 768w, https:\/\/visitmarratxi.es\/wp-content\/uploads\/2022\/05\/DSC03504-3-1536x1024.jpg 1536w, https:\/\/visitmarratxi.es\/wp-content\/uploads\/2022\/05\/DSC03504-3-2048x1365.jpg 2048w, https:\/\/visitmarratxi.es\/wp-content\/uploads\/2022\/05\/DSC03504-3-600x400.jpg 600w\" sizes=\"auto, (max-width: 1024px) 100vw, 1024px\" \/><\/figure><\/div><\/div><p class=\"p1\"><span class=\"s1\">In der Mitte ist ein vierarmiges Kruzifix zu sehen, das als Lilienbl\u00fcte oder Lilienblume bezeichnet wird und unter anderem Reinheit, Ehre und Macht symbolisiert. Unter dem Kreuz ist das Jahr 1884 zu sehen.<\/span><\/p><div class=\"wp-block-image\"><figure class=\"aligncenter size-large is-resized\"><img loading=\"lazy\" decoding=\"async\" class=\"wp-image-5176\" src=\"https:\/\/visitmarratxi.es\/wp-content\/uploads\/2022\/05\/DSC03506-3-1024x683.jpg\" alt=\"\" width=\"512\" height=\"342\" srcset=\"https:\/\/visitmarratxi.es\/wp-content\/uploads\/2022\/05\/DSC03506-3-1024x683.jpg 1024w, https:\/\/visitmarratxi.es\/wp-content\/uploads\/2022\/05\/DSC03506-3-300x200.jpg 300w, https:\/\/visitmarratxi.es\/wp-content\/uploads\/2022\/05\/DSC03506-3-768x512.jpg 768w, https:\/\/visitmarratxi.es\/wp-content\/uploads\/2022\/05\/DSC03506-3-1536x1024.jpg 1536w, https:\/\/visitmarratxi.es\/wp-content\/uploads\/2022\/05\/DSC03506-3-2048x1365.jpg 2048w, https:\/\/visitmarratxi.es\/wp-content\/uploads\/2022\/05\/DSC03506-3-600x400.jpg 600w\" sizes=\"auto, (max-width: 512px) 100vw, 512px\" \/><\/figure><\/div><p class=\"p1\"><span class=\"s1\">Die Br\u00fccke besteht aus dem <b>Katalog der Elemente von k\u00fcnstlerischem,<\/b> historischem, \u00f6kologischem und architektonischem Erbe der Gemeinde Marratx\u00ed (1999). Auf der anderen <b>Seite sind die beiden Wappen<\/b> seit 1963 zum Kulturgut erkl\u00e4rt worden. Seit 2006 ist die Es Ca\u00fclls-Br\u00fccke nur noch zu Fu\u00df begehbar.<\/span><\/p><p class=\"p1\"><span class=\"s1\">Der Wildbach Coanegra entspringt an der Saline des Freu in Orient und flie\u00dft durch das Coanegra-Tal in Richtung der Gemeinden Bunyola, Santa Maria und Alar\u00f3. Einmal in der Raiguer, verbindet es sich in der Pont d\u2019Inca mit dem Bach Gros, wo es seine Gew\u00e4sser m\u00fcndet. Neben dem landschaftlichen Wert ist die Umgebung des Baches aufgrund seiner Flora und Fauna ein interessanter Ort. Die Vegetation umfasst unter anderem Ginster, Felsenveilchen, immergr\u00fcnes Gr\u00fcn, Steppe und Bohnenkraut. Wir finden B\u00e4ume wie Ahorn, Eiche, Ulme, Band, Almez und Schwarzpappel.<\/span><\/p><p class=\"p1\"><span class=\"s1\">In den feuchteren Gebieten des Baches gibt es zahlreiche <b>Wasserpflanzen<\/b> wie die Veronica mit blauem Wasser, den Mastranzo, den Bayunquillo sowie verschiedene Farne. Was die Fauna betrifft, gibt es drei Arten von Musteliden, den Marder, den Jineta und den Mostela. In den L\u00f6chern, H\u00f6hlen und Schluchten verstecken sich Flederm\u00e4use, w\u00e4hrend in den Becken der B\u00e4che die Wasserschlange und der Frosch ihr Versteck haben. Diese Orte werden h\u00e4ufig von einigen Greifv\u00f6geln wie dem Falken, dem Kernholz, dem Milan oder der Eule besucht<\/span><\/p>","protected":false},"excerpt":{"rendered":"<p>Diese Br\u00fccke, die aus Mar\u00e9s-Bl\u00f6cken aus dem 19. Jahrhundert erbaut wurde, wurde wieder aufgebaut, um das Hindernis des Coanegra-Baches zu \u00fcberwinden und die Kommunikation zwischen zwei herausragenden Besitzt\u00fcmern zu verbessern: Es Ca\u00fclls und Son Sale. Es wird angenommen, dass der&#8230;<\/p>\n","protected":false},"author":6,"featured_media":9159,"comment_status":"open","ping_status":"closed","template":"","meta":{"footnotes":""},"venuecat":[446],"venue_tags":[605],"location":[606],"class_list":["post-11048","venue","type-venue","status-publish","has-post-thumbnail","hentry","venuecat-kultur","venue_tags-general-de","location-marratxi-de"],"_links":{"self":[{"href":"https:\/\/visitmarratxi.es\/de\/wp-json\/wp\/v2\/venue\/11048","targetHints":{"allow":["GET"]}}],"collection":[{"href":"https:\/\/visitmarratxi.es\/de\/wp-json\/wp\/v2\/venue"}],"about":[{"href":"https:\/\/visitmarratxi.es\/de\/wp-json\/wp\/v2\/types\/venue"}],"author":[{"embeddable":true,"href":"https:\/\/visitmarratxi.es\/de\/wp-json\/wp\/v2\/users\/6"}],"replies":[{"embeddable":true,"href":"https:\/\/visitmarratxi.es\/de\/wp-json\/wp\/v2\/comments?post=11048"}],"version-history":[{"count":2,"href":"https:\/\/visitmarratxi.es\/de\/wp-json\/wp\/v2\/venue\/11048\/revisions"}],"predecessor-version":[{"id":11050,"href":"https:\/\/visitmarratxi.es\/de\/wp-json\/wp\/v2\/venue\/11048\/revisions\/11050"}],"wp:featuredmedia":[{"embeddable":true,"href":"https:\/\/visitmarratxi.es\/de\/wp-json\/wp\/v2\/media\/9159"}],"wp:attachment":[{"href":"https:\/\/visitmarratxi.es\/de\/wp-json\/wp\/v2\/media?parent=11048"}],"wp:term":[{"taxonomy":"venuecat","embeddable":true,"href":"https:\/\/visitmarratxi.es\/de\/wp-json\/wp\/v2\/venuecat?post=11048"},{"taxonomy":"venue_tags","embeddable":true,"href":"https:\/\/visitmarratxi.es\/de\/wp-json\/wp\/v2\/venue_tags?post=11048"},{"taxonomy":"location","embeddable":true,"href":"https:\/\/visitmarratxi.es\/de\/wp-json\/wp\/v2\/location?post=11048"}],"curies":[{"name":"wp","href":"https:\/\/api.w.org\/{rel}","templated":true}]}}

Brücke Von Es Caülls

<p class="p1">Diese Brücke, die aus Marés-Blöcken aus dem 19. Jahrhundert erbaut wurde, wurde wieder aufgebaut, um das Hindernis des Coanegra-Baches zu überwinden und die Kommunikation zwischen zwei herausragenden Besitztümern zu verbessern: Es Caülls und Son Sale. Es wird angenommen, dass der Besitz von Son Sales mittelalterlichen Ursprungs ist. Die Häuser hatten einen großen Weinkeller, eine Mühle, einen Stall und andere landwirtschaftliche Einrichtungen, da sie der Ausbeutung von Johannisbrotbäumen, Olivenbäumen, Weinbergen und dem Anbau gewidmet waren. Im Laufe der Jahre wurde es erweitert und reformiert. Es war der wertvollste Besitz von Marratxí und einer der bedeutendsten und größten auf Mallorca. Im Jahr 1800 wurde es in zwei Teile geteilt: Son Sales und Es Caülls, wobei letztere als eine Erweiterung entstand, die als Viehzuchtgebiet genutzt wurde und bis zu 3.000 Schafe und 500 Olivenbäume hatte. Als es geteilt wurde, nannten sie es Son Sales Neu, bis der alte Ortsname Es Caülls reguliert wurde.</p><p class="p1"><span class="s1">Es wurde von den Besitzern des benachbarten Anwesens Son Verí erworben, die diese Brückewieder aufbauen ließen. Aus diesem Grund kann man an den Seiten desselben <b>zwei Schildesehen:</b> das linke entspricht der Familie Verí und das rechte der Familie Sales.</span></p><div class="wp-block-columns is-layout-flex wp-container-core-columns-is-layout-9d6595d7 wp-block-columns-is-layout-flex"><div class="wp-block-column is-layout-flow wp-block-column-is-layout-flow"><figure class="wp-block-image size-large"><img loading="lazy" decoding="async" width="1024" height="683" class="wp-image-5178" src="https://visitmarratxi.es/wp-content/uploads/2022/05/DSC03508-1-1024x683.jpg" alt="" srcset="https://visitmarratxi.es/wp-content/uploads/2022/05/DSC03508-1-1024x683.jpg 1024w, https://visitmarratxi.es/wp-content/uploads/2022/05/DSC03508-1-300x200.jpg 300w, https://visitmarratxi.es/wp-content/uploads/2022/05/DSC03508-1-768x512.jpg 768w, https://visitmarratxi.es/wp-content/uploads/2022/05/DSC03508-1-1536x1024.jpg 1536w, https://visitmarratxi.es/wp-content/uploads/2022/05/DSC03508-1-2048x1365.jpg 2048w, https://visitmarratxi.es/wp-content/uploads/2022/05/DSC03508-1-600x400.jpg 600w" sizes="auto, (max-width: 1024px) 100vw, 1024px" /></figure></div>

<div class="wp-block-column is-layout-flow wp-block-column-is-layout-flow"><figure class="wp-block-image size-large"><img loading="lazy" decoding="async" width="1024" height="683" class="wp-image-5180" src="https://visitmarratxi.es/wp-content/uploads/2022/05/DSC03504-3-1024x683.jpg" alt="" srcset="https://visitmarratxi.es/wp-content/uploads/2022/05/DSC03504-3-1024x683.jpg 1024w, https://visitmarratxi.es/wp-content/uploads/2022/05/DSC03504-3-300x200.jpg 300w, https://visitmarratxi.es/wp-content/uploads/2022/05/DSC03504-3-768x512.jpg 768w, https://visitmarratxi.es/wp-content/uploads/2022/05/DSC03504-3-1536x1024.jpg 1536w, https://visitmarratxi.es/wp-content/uploads/2022/05/DSC03504-3-2048x1365.jpg 2048w, https://visitmarratxi.es/wp-content/uploads/2022/05/DSC03504-3-600x400.jpg 600w" sizes="auto, (max-width: 1024px) 100vw, 1024px" /></figure></div></div><p class="p1"><span class="s1">In der Mitte ist ein vierarmiges Kruzifix zu sehen, das als Lilienblüte oder Lilienblume bezeichnet wird und unter anderem Reinheit, Ehre und Macht symbolisiert. Unter dem Kreuz ist das Jahr 1884 zu sehen.</span></p><div class="wp-block-image"><figure class="aligncenter size-large is-resized"><img loading="lazy" decoding="async" class="wp-image-5176" src="https://visitmarratxi.es/wp-content/uploads/2022/05/DSC03506-3-1024x683.jpg" alt="" width="512" height="342" srcset="https://visitmarratxi.es/wp-content/uploads/2022/05/DSC03506-3-1024x683.jpg 1024w, https://visitmarratxi.es/wp-content/uploads/2022/05/DSC03506-3-300x200.jpg 300w, https://visitmarratxi.es/wp-content/uploads/2022/05/DSC03506-3-768x512.jpg 768w, https://visitmarratxi.es/wp-content/uploads/2022/05/DSC03506-3-1536x1024.jpg 1536w, https://visitmarratxi.es/wp-content/uploads/2022/05/DSC03506-3-2048x1365.jpg 2048w, https://visitmarratxi.es/wp-content/uploads/2022/05/DSC03506-3-600x400.jpg 600w" sizes="auto, (max-width: 512px) 100vw, 512px" /></figure></div><p class="p1"><span class="s1">Die Brücke besteht aus dem <b>Katalog der Elemente von künstlerischem,</b> historischem, ökologischem und architektonischem Erbe der Gemeinde Marratxí (1999). Auf der anderen <b>Seite sind die beiden Wappen</b> seit 1963 zum Kulturgut erklärt worden. Seit 2006 ist die Es Caülls-Brücke nur noch zu Fuß begehbar.</span></p><p class="p1"><span class="s1">Der Wildbach Coanegra entspringt an der Saline des Freu in Orient und fließt durch das Coanegra-Tal in Richtung der Gemeinden Bunyola, Santa Maria und Alaró. Einmal in der Raiguer, verbindet es sich in der Pont d’Inca mit dem Bach Gros, wo es seine Gewässer mündet. Neben dem landschaftlichen Wert ist die Umgebung des Baches aufgrund seiner Flora und Fauna ein interessanter Ort. Die Vegetation umfasst unter anderem Ginster, Felsenveilchen, immergrünes Grün, Steppe und Bohnenkraut. Wir finden Bäume wie Ahorn, Eiche, Ulme, Band, Almez und Schwarzpappel.</span></p><p class="p1"><span class="s1">In den feuchteren Gebieten des Baches gibt es zahlreiche <b>Wasserpflanzen</b> wie die Veronica mit blauem Wasser, den Mastranzo, den Bayunquillo sowie verschiedene Farne. Was die Fauna betrifft, gibt es drei Arten von Musteliden, den Marder, den Jineta und den Mostela. In den Löchern, Höhlen und Schluchten verstecken sich Fledermäuse, während in den Becken der Bäche die Wasserschlange und der Frosch ihr Versteck haben. Diese Orte werden häufig von einigen Greifvögeln wie dem Falken, dem Kernholz, dem Milan oder der Eule besucht</span></p>

<p>Diese Brücke, die aus Marés-Blöcken aus dem 19. Jahrhundert erbaut wurde, wurde wieder aufgebaut, um das Hindernis des Coanegra-Baches zu überwinden und die Kommunikation zwischen zwei herausragenden Besitztümern zu verbessern: Es Caülls und Son Sale. Es wird angenommen, dass der&#8230;</p>
