{"id":11809,"date":"2023-08-24T12:12:27","date_gmt":"2023-08-24T10:12:27","guid":{"rendered":"https:\/\/marratxiesviu.es\/?post_type=event&#038;p=11809"},"modified":"2023-08-24T12:27:14","modified_gmt":"2023-08-24T10:27:14","slug":"fang-tapa-vuelve-a-marratxi-los-jueves-24-y-31-de-agosto","status":"publish","type":"event","link":"https:\/\/visitmarratxi.es\/es\/evento\/fang-tapa-vuelve-a-marratxi-los-jueves-24-y-31-de-agosto\/","title":{"rendered":"Fang Tapa vuelve a Marratx\u00ed los jueves 24 y 31 de agosto"},"content":{"rendered":"<p>Marratx\u00ed presenta una nueva edici\u00f3n de la ruta de tapas en tren con un car\u00e1cter m\u00e1s familiar, actividades infantiles y ludoteca.<\/p>\n<p>Esta edici\u00f3n de Fang Tapa nos llevar\u00e1 por 8 restaurantes de Sant Mar\u00e7al, Sa Cabaneta y Portol los jueves 24 y 31 de agosto.<\/p>\n<p>La propuesta tiene como objetivo mostrar la variedad gastron\u00f3mica y la oferta de restauraci\u00f3n del municipio, con unas tapas dise\u00f1adas expresamente para la ocasi\u00f3n presentadas en platos de barro. El tren, con capacidad hasta cincuenta personas, es gratuito y no requiere de reserva previa. El recorrido es una ruta circular y pasar\u00e1 cada 35-40 minutos por cada restaurante, aunque tambi\u00e9n hay tramos que se pueden hacer a pie.<\/p>\n<p>&nbsp;<\/p>\n<p>La salida se har\u00e1 en la Ver\u00f3nica de Sant Mar\u00e7al el jueves 24\u00a0 y el primer tren ir\u00e1 hacia el local n\u00famero 2 alrededor de las 19 h.<\/p>\n<p>Podemos consultar toda la informaci\u00f3n sobre el recorrido y los horarios en la p\u00e1gina web https:\/\/marratxi.es\/fangtapa<\/p>\n<p>&nbsp;<\/p>\n","protected":false},"excerpt":{"rendered":"<p>Marratx\u00ed presenta una nueva edici\u00f3n de la ruta de tapas en tren con un car\u00e1cter m\u00e1s familiar, actividades infantiles y ludoteca. Esta edici\u00f3n de Fang Tapa nos llevar\u00e1 por 8 restaurantes de Sant Mar\u00e7al, Sa Cabaneta y Portol los jueves&#8230;<\/p>\n","protected":false},"author":6,"featured_media":11810,"comment_status":"open","ping_status":"closed","template":"","meta":{"footnotes":""},"eventcat":[303],"organizer":[],"event_tags":[],"location":[283,279],"class_list":["post-11809","event","type-event","status-publish","has-post-thumbnail","hentry","eventcat-actividades","location-portol-2","location-sa-cabaneta"],"_links":{"self":[{"href":"https:\/\/visitmarratxi.es\/es\/wp-json\/wp\/v2\/event\/11809","targetHints":{"allow":["GET"]}}],"collection":[{"href":"https:\/\/visitmarratxi.es\/es\/wp-json\/wp\/v2\/event"}],"about":[{"href":"https:\/\/visitmarratxi.es\/es\/wp-json\/wp\/v2\/types\/event"}],"author":[{"embeddable":true,"href":"https:\/\/visitmarratxi.es\/es\/wp-json\/wp\/v2\/users\/6"}],"replies":[{"embeddable":true,"href":"https:\/\/visitmarratxi.es\/es\/wp-json\/wp\/v2\/comments?post=11809"}],"version-history":[{"count":1,"href":"https:\/\/visitmarratxi.es\/es\/wp-json\/wp\/v2\/event\/11809\/revisions"}],"predecessor-version":[{"id":11820,"href":"https:\/\/visitmarratxi.es\/es\/wp-json\/wp\/v2\/event\/11809\/revisions\/11820"}],"wp:featuredmedia":[{"embeddable":true,"href":"https:\/\/visitmarratxi.es\/es\/wp-json\/wp\/v2\/media\/11810"}],"wp:attachment":[{"href":"https:\/\/visitmarratxi.es\/es\/wp-json\/wp\/v2\/media?parent=11809"}],"wp:term":[{"taxonomy":"eventcat","embeddable":true,"href":"https:\/\/visitmarratxi.es\/es\/wp-json\/wp\/v2\/eventcat?post=11809"},{"taxonomy":"organizer","embeddable":true,"href":"https:\/\/visitmarratxi.es\/es\/wp-json\/wp\/v2\/organizer?post=11809"},{"taxonomy":"event_tags","embeddable":true,"href":"https:\/\/visitmarratxi.es\/es\/wp-json\/wp\/v2\/event_tags?post=11809"},{"taxonomy":"location","embeddable":true,"href":"https:\/\/visitmarratxi.es\/es\/wp-json\/wp\/v2\/location?post=11809"}],"curies":[{"name":"wp","href":"https:\/\/api.w.org\/{rel}","templated":true}]}}

Fang Tapa vuelve a Marratxí los jueves 24 y 31 de agosto

<p>Marratxí presenta una nueva edición de la ruta de tapas en tren con un carácter más familiar, actividades infantiles y ludoteca.</p>
<p>Esta edición de Fang Tapa nos llevará por 8 restaurantes de Sant Marçal, Sa Cabaneta y Portol los jueves 24 y 31 de agosto.</p>
<p>La propuesta tiene como objetivo mostrar la variedad gastronómica y la oferta de restauración del municipio, con unas tapas diseñadas expresamente para la ocasión presentadas en platos de barro. El tren, con capacidad hasta cincuenta personas, es gratuito y no requiere de reserva previa. El recorrido es una ruta circular y pasará cada 35-40 minutos por cada restaurante, aunque también hay tramos que se pueden hacer a pie.</p>
<p>&nbsp;</p>
<p>La salida se hará en la Verónica de Sant Marçal el jueves 24  y el primer tren irá hacia el local número 2 alrededor de las 19 h.</p>
<p>Podemos consultar toda la información sobre el recorrido y los horarios en la página web https://marratxi.es/fangtapa</p>
<p>&nbsp;</p>

<p>Marratxí presenta una nueva edición de la ruta de tapas en tren con un carácter más familiar, actividades infantiles y ludoteca. Esta edición de Fang Tapa nos llevará por 8 restaurantes de Sant Marçal, Sa Cabaneta y Portol los jueves&#8230;</p>
