{"id":11839,"date":"2023-08-29T10:34:11","date_gmt":"2023-08-29T08:34:11","guid":{"rendered":"https:\/\/marratxiesviu.es\/?post_type=event&#038;p=11839"},"modified":"2023-08-29T10:37:48","modified_gmt":"2023-08-29T08:37:48","slug":"mercado-artesano-artetxi","status":"publish","type":"event","link":"https:\/\/visitmarratxi.es\/es\/evento\/mercado-artesano-artetxi\/","title":{"rendered":"Mercado artesano Artetx\u00ed"},"content":{"rendered":"<p>El domingo 17 de septiembre Son\u00a0Ramonell\u00a0acoger\u00e1 el mercado de artesan\u00eda, m\u00fasica y\u00a0Foodtrucks.<\/p>\n<p>Una jornada para disfrutar en familia desde las 10 de la ma\u00f1ana y hasta la tarde.<\/p>\n<p>Castillos hinchables<\/p>\n<p>Animaci\u00f3n infantil<\/p>\n<p>Pinta-caras<\/p>\n<p>Artesan\u00eda<\/p>\n<p>Foodtrucks<\/p>\n<p>Son\u00a0Ramonell\u00a0c\/ \u00c1rbol de la Ciencia<\/p>\n","protected":false},"excerpt":{"rendered":"<p>El domingo 17 de septiembre Son\u00a0Ramonell\u00a0acoger\u00e1 el mercado de artesan\u00eda, m\u00fasica y\u00a0Foodtrucks. Una jornada para disfrutar en familia desde las 10 de la ma\u00f1ana y hasta la tarde. Castillos hinchables Animaci\u00f3n infantil Pinta-caras Artesan\u00eda Foodtrucks Son\u00a0Ramonell\u00a0c\/ \u00c1rbol de la Ciencia<\/p>\n","protected":false},"author":6,"featured_media":11837,"comment_status":"open","ping_status":"closed","template":"","meta":{"footnotes":""},"eventcat":[],"organizer":[],"event_tags":[],"location":[655],"class_list":["post-11839","event","type-event","status-publish","has-post-thumbnail","hentry","location-son-ramonell-c-arbol-de-la-ciencia"],"_links":{"self":[{"href":"https:\/\/visitmarratxi.es\/es\/wp-json\/wp\/v2\/event\/11839","targetHints":{"allow":["GET"]}}],"collection":[{"href":"https:\/\/visitmarratxi.es\/es\/wp-json\/wp\/v2\/event"}],"about":[{"href":"https:\/\/visitmarratxi.es\/es\/wp-json\/wp\/v2\/types\/event"}],"author":[{"embeddable":true,"href":"https:\/\/visitmarratxi.es\/es\/wp-json\/wp\/v2\/users\/6"}],"replies":[{"embeddable":true,"href":"https:\/\/visitmarratxi.es\/es\/wp-json\/wp\/v2\/comments?post=11839"}],"version-history":[{"count":1,"href":"https:\/\/visitmarratxi.es\/es\/wp-json\/wp\/v2\/event\/11839\/revisions"}],"predecessor-version":[{"id":11840,"href":"https:\/\/visitmarratxi.es\/es\/wp-json\/wp\/v2\/event\/11839\/revisions\/11840"}],"wp:featuredmedia":[{"embeddable":true,"href":"https:\/\/visitmarratxi.es\/es\/wp-json\/wp\/v2\/media\/11837"}],"wp:attachment":[{"href":"https:\/\/visitmarratxi.es\/es\/wp-json\/wp\/v2\/media?parent=11839"}],"wp:term":[{"taxonomy":"eventcat","embeddable":true,"href":"https:\/\/visitmarratxi.es\/es\/wp-json\/wp\/v2\/eventcat?post=11839"},{"taxonomy":"organizer","embeddable":true,"href":"https:\/\/visitmarratxi.es\/es\/wp-json\/wp\/v2\/organizer?post=11839"},{"taxonomy":"event_tags","embeddable":true,"href":"https:\/\/visitmarratxi.es\/es\/wp-json\/wp\/v2\/event_tags?post=11839"},{"taxonomy":"location","embeddable":true,"href":"https:\/\/visitmarratxi.es\/es\/wp-json\/wp\/v2\/location?post=11839"}],"curies":[{"name":"wp","href":"https:\/\/api.w.org\/{rel}","templated":true}]}}

Mercado artesano Artetxí

<p>El domingo 17 de septiembre Son Ramonell acogerá el mercado de artesanía, música y Foodtrucks.</p>
<p>Una jornada para disfrutar en familia desde las 10 de la mañana y hasta la tarde.</p>
<p>Castillos hinchables</p>
<p>Animación infantil</p>
<p>Pinta-caras</p>
<p>Artesanía</p>
<p>Foodtrucks</p>
<p>Son Ramonell c/ Árbol de la Ciencia</p>

<p>El domingo 17 de septiembre Son Ramonell acogerá el mercado de artesanía, música y Foodtrucks. Una jornada para disfrutar en familia desde las 10 de la mañana y hasta la tarde. Castillos hinchables Animación infantil Pinta-caras Artesanía Foodtrucks Son Ramonell c/ Árbol de la Ciencia</p>
