{"id":11944,"date":"2023-09-07T15:45:51","date_gmt":"2023-09-07T13:45:51","guid":{"rendered":"https:\/\/marratxiesviu.es\/?post_type=event&#038;p=11944"},"modified":"2023-09-11T08:56:33","modified_gmt":"2023-09-11T06:56:33","slug":"exposicion-new-casual-del-dibujante-y-pintor-edu-novellas","status":"publish","type":"event","link":"https:\/\/visitmarratxi.es\/es\/evento\/exposicion-new-casual-del-dibujante-y-pintor-edu-novellas\/","title":{"rendered":"Exposici\u00f3n (New) Casual, del artista Edu Novellas"},"content":{"rendered":"<p>El jueves 21 de septiembre, a las 19 horas, el artista Edu Novellas (Matar\u00f3, 1977) presenta una nueva exposici\u00f3n llamada (New) Casual que permanecer\u00e1 a Ca Ses Monges de P\u00f2rtol hasta el mi\u00e9rcoles 18 de octubre.<br \/>\nSu obra es una combinaci\u00f3n de arte conceptual y abstracto donde predomina el uso de los colores vibrantes.<\/p>\n<p>Horario: Martes y jueves, de 11:30 a 13:30h. Mi\u00e9rcoles, viernes y s\u00e1bados, de 18 a\u00a020h.<br \/>\nPara otros horarios solicitar visita a exposicions@marratxi.es<\/p>\n<p>Sala de Exposiciones de Ca Ses Monges de P\u00f2rtol. C. Mayor 135. Marratx\u00ed, Baleares, Espa\u00f1a.<\/p>\n","protected":false},"excerpt":{"rendered":"<p>El jueves 21 de septiembre, a las 19 horas, el artista Edu Novellas (Matar\u00f3, 1977) presenta una nueva exposici\u00f3n llamada (New) Casual que permanecer\u00e1 a Ca Ses Monges de P\u00f2rtol hasta el mi\u00e9rcoles 18 de octubre. Su obra es una&#8230;<\/p>\n","protected":false},"author":6,"featured_media":11966,"comment_status":"open","ping_status":"closed","template":"","meta":{"footnotes":""},"eventcat":[],"organizer":[],"event_tags":[],"location":[345],"class_list":["post-11944","event","type-event","status-publish","has-post-thumbnail","hentry","location-ca-ses-monges-portol-carrer-major135-2"],"_links":{"self":[{"href":"https:\/\/visitmarratxi.es\/es\/wp-json\/wp\/v2\/event\/11944","targetHints":{"allow":["GET"]}}],"collection":[{"href":"https:\/\/visitmarratxi.es\/es\/wp-json\/wp\/v2\/event"}],"about":[{"href":"https:\/\/visitmarratxi.es\/es\/wp-json\/wp\/v2\/types\/event"}],"author":[{"embeddable":true,"href":"https:\/\/visitmarratxi.es\/es\/wp-json\/wp\/v2\/users\/6"}],"replies":[{"embeddable":true,"href":"https:\/\/visitmarratxi.es\/es\/wp-json\/wp\/v2\/comments?post=11944"}],"version-history":[{"count":3,"href":"https:\/\/visitmarratxi.es\/es\/wp-json\/wp\/v2\/event\/11944\/revisions"}],"predecessor-version":[{"id":11956,"href":"https:\/\/visitmarratxi.es\/es\/wp-json\/wp\/v2\/event\/11944\/revisions\/11956"}],"wp:featuredmedia":[{"embeddable":true,"href":"https:\/\/visitmarratxi.es\/es\/wp-json\/wp\/v2\/media\/11966"}],"wp:attachment":[{"href":"https:\/\/visitmarratxi.es\/es\/wp-json\/wp\/v2\/media?parent=11944"}],"wp:term":[{"taxonomy":"eventcat","embeddable":true,"href":"https:\/\/visitmarratxi.es\/es\/wp-json\/wp\/v2\/eventcat?post=11944"},{"taxonomy":"organizer","embeddable":true,"href":"https:\/\/visitmarratxi.es\/es\/wp-json\/wp\/v2\/organizer?post=11944"},{"taxonomy":"event_tags","embeddable":true,"href":"https:\/\/visitmarratxi.es\/es\/wp-json\/wp\/v2\/event_tags?post=11944"},{"taxonomy":"location","embeddable":true,"href":"https:\/\/visitmarratxi.es\/es\/wp-json\/wp\/v2\/location?post=11944"}],"curies":[{"name":"wp","href":"https:\/\/api.w.org\/{rel}","templated":true}]}}

Exposición (New) Casual, del artista Edu Novellas

<p>El jueves 21 de septiembre, a las 19 horas, el artista Edu Novellas (Mataró, 1977) presenta una nueva exposición llamada (New) Casual que permanecerá a Ca Ses Monges de Pòrtol hasta el miércoles 18 de octubre.<br />
Su obra es una combinación de arte conceptual y abstracto donde predomina el uso de los colores vibrantes.</p>
<p>Horario: Martes y jueves, de 11:30 a 13:30h. Miércoles, viernes y sábados, de 18 a 20h.<br />
Para otros horarios solicitar visita a exposicions@marratxi.es</p>
<p>Sala de Exposiciones de Ca Ses Monges de Pòrtol. C. Mayor 135. Marratxí, Baleares, España.</p>

<p>El jueves 21 de septiembre, a las 19 horas, el artista Edu Novellas (Mataró, 1977) presenta una nueva exposición llamada (New) Casual que permanecerá a Ca Ses Monges de Pòrtol hasta el miércoles 18 de octubre. Su obra es una&#8230;</p>
