{"id":11981,"date":"2023-10-02T09:52:10","date_gmt":"2023-10-02T07:52:10","guid":{"rendered":"https:\/\/visitmarratxi.es\/?post_type=event&#038;p=11981"},"modified":"2023-10-02T09:54:08","modified_gmt":"2023-10-02T07:54:08","slug":"jornada-informativa-mindfulness","status":"publish","type":"event","link":"https:\/\/visitmarratxi.es\/es\/evento\/jornada-informativa-mindfulness\/","title":{"rendered":"Jornada Informativa Mindfulness"},"content":{"rendered":"<p>Las personas que participan en cursos de mindfulness, o atenci\u00f3n plena, tienen menos probabilidades de experimentar s\u00edntomas de ansiedad y depresi\u00f3n durante seis meses despu\u00e9s de finalizar los programas. Si quieres conocer de primera mano esta disciplina participa en las jornadas informativas impartidas por Marga Mayol y Maril\u00f3 Santaella el pr\u00f3ximo 27 de octubre en la Escola Vella d\u2019Es Pont d\u2019Inca.<\/p>\n<p><strong>Inscripciones en:<\/strong><\/p>\n<p><strong>pciutadana2@marratxi.es<\/strong><\/p>\n<p><em>(aforo limitado)<\/em><\/p>\n","protected":false},"excerpt":{"rendered":"<p>Las personas que participan en cursos de mindfulness, o atenci\u00f3n plena, tienen menos probabilidades de experimentar s\u00edntomas de ansiedad y depresi\u00f3n durante seis meses despu\u00e9s de finalizar los programas. Si quieres conocer de primera mano esta disciplina participa en las&#8230;<\/p>\n","protected":false},"author":6,"featured_media":11979,"comment_status":"open","ping_status":"closed","template":"","meta":{"footnotes":""},"eventcat":[],"organizer":[],"event_tags":[],"location":[663],"class_list":["post-11981","event","type-event","status-publish","has-post-thumbnail","hentry","location-escola-vella-des-pont-dinca-2"],"_links":{"self":[{"href":"https:\/\/visitmarratxi.es\/es\/wp-json\/wp\/v2\/event\/11981","targetHints":{"allow":["GET"]}}],"collection":[{"href":"https:\/\/visitmarratxi.es\/es\/wp-json\/wp\/v2\/event"}],"about":[{"href":"https:\/\/visitmarratxi.es\/es\/wp-json\/wp\/v2\/types\/event"}],"author":[{"embeddable":true,"href":"https:\/\/visitmarratxi.es\/es\/wp-json\/wp\/v2\/users\/6"}],"replies":[{"embeddable":true,"href":"https:\/\/visitmarratxi.es\/es\/wp-json\/wp\/v2\/comments?post=11981"}],"version-history":[{"count":1,"href":"https:\/\/visitmarratxi.es\/es\/wp-json\/wp\/v2\/event\/11981\/revisions"}],"predecessor-version":[{"id":11982,"href":"https:\/\/visitmarratxi.es\/es\/wp-json\/wp\/v2\/event\/11981\/revisions\/11982"}],"wp:featuredmedia":[{"embeddable":true,"href":"https:\/\/visitmarratxi.es\/es\/wp-json\/wp\/v2\/media\/11979"}],"wp:attachment":[{"href":"https:\/\/visitmarratxi.es\/es\/wp-json\/wp\/v2\/media?parent=11981"}],"wp:term":[{"taxonomy":"eventcat","embeddable":true,"href":"https:\/\/visitmarratxi.es\/es\/wp-json\/wp\/v2\/eventcat?post=11981"},{"taxonomy":"organizer","embeddable":true,"href":"https:\/\/visitmarratxi.es\/es\/wp-json\/wp\/v2\/organizer?post=11981"},{"taxonomy":"event_tags","embeddable":true,"href":"https:\/\/visitmarratxi.es\/es\/wp-json\/wp\/v2\/event_tags?post=11981"},{"taxonomy":"location","embeddable":true,"href":"https:\/\/visitmarratxi.es\/es\/wp-json\/wp\/v2\/location?post=11981"}],"curies":[{"name":"wp","href":"https:\/\/api.w.org\/{rel}","templated":true}]}}

<p>Las personas que participan en cursos de mindfulness, o atención plena, tienen menos probabilidades de experimentar síntomas de ansiedad y depresión durante seis meses después de finalizar los programas. Si quieres conocer de primera mano esta disciplina participa en las jornadas informativas impartidas por Marga Mayol y Mariló Santaella el próximo 27 de octubre en la Escola Vella d’Es Pont d’Inca.</p>
<p><strong>Inscripciones en:</strong></p>
<p><strong>pciutadana2@marratxi.es</strong></p>
<p><em>(aforo limitado)</em></p>

<p>Las personas que participan en cursos de mindfulness, o atención plena, tienen menos probabilidades de experimentar síntomas de ansiedad y depresión durante seis meses después de finalizar los programas. Si quieres conocer de primera mano esta disciplina participa en las&#8230;</p>
