{"id":12079,"date":"2024-01-12T09:34:46","date_gmt":"2024-01-12T07:34:46","guid":{"rendered":"https:\/\/visitmarratxi.es\/?post_type=event&#038;p=12079"},"modified":"2024-01-12T09:37:12","modified_gmt":"2024-01-12T07:37:12","slug":"marratxi-cultural","status":"publish","type":"event","link":"https:\/\/visitmarratxi.es\/es\/evento\/marratxi-cultural\/","title":{"rendered":"Marratx\u00ed Cultural"},"content":{"rendered":"<p><strong>Bienvenidos al \u2018Marratx\u00ed Cultural\u2019!<\/strong><\/p>\n<p>Un nuevo programa de actividades que llenar\u00e1 nuestro municipio de eventos culturales para todos los p\u00fablicos. M\u00fasica, teatro, cuentacuentos y baile son algunas de las m\u00faltiples opciones que ofrece este programa a los marratxiners. Consulta el programa y apunta las fechas, no te pierdas ninguna actividad.<\/p>\n","protected":false},"excerpt":{"rendered":"<p>Bienvenidos al \u2018Marratx\u00ed Cultural\u2019! Un nuevo programa de actividades que llenar\u00e1 nuestro municipio de eventos culturales para todos los p\u00fablicos. M\u00fasica, teatro, cuentacuentos y baile son algunas de las m\u00faltiples opciones que ofrece este programa a los marratxiners. Consulta el&#8230;<\/p>\n","protected":false},"author":6,"featured_media":12077,"comment_status":"open","ping_status":"closed","template":"","meta":{"footnotes":""},"eventcat":[],"organizer":[],"event_tags":[],"location":[268],"class_list":["post-12079","event","type-event","status-publish","has-post-thumbnail","hentry","location-marratxi-es"],"_links":{"self":[{"href":"https:\/\/visitmarratxi.es\/es\/wp-json\/wp\/v2\/event\/12079","targetHints":{"allow":["GET"]}}],"collection":[{"href":"https:\/\/visitmarratxi.es\/es\/wp-json\/wp\/v2\/event"}],"about":[{"href":"https:\/\/visitmarratxi.es\/es\/wp-json\/wp\/v2\/types\/event"}],"author":[{"embeddable":true,"href":"https:\/\/visitmarratxi.es\/es\/wp-json\/wp\/v2\/users\/6"}],"replies":[{"embeddable":true,"href":"https:\/\/visitmarratxi.es\/es\/wp-json\/wp\/v2\/comments?post=12079"}],"version-history":[{"count":1,"href":"https:\/\/visitmarratxi.es\/es\/wp-json\/wp\/v2\/event\/12079\/revisions"}],"predecessor-version":[{"id":12080,"href":"https:\/\/visitmarratxi.es\/es\/wp-json\/wp\/v2\/event\/12079\/revisions\/12080"}],"wp:featuredmedia":[{"embeddable":true,"href":"https:\/\/visitmarratxi.es\/es\/wp-json\/wp\/v2\/media\/12077"}],"wp:attachment":[{"href":"https:\/\/visitmarratxi.es\/es\/wp-json\/wp\/v2\/media?parent=12079"}],"wp:term":[{"taxonomy":"eventcat","embeddable":true,"href":"https:\/\/visitmarratxi.es\/es\/wp-json\/wp\/v2\/eventcat?post=12079"},{"taxonomy":"organizer","embeddable":true,"href":"https:\/\/visitmarratxi.es\/es\/wp-json\/wp\/v2\/organizer?post=12079"},{"taxonomy":"event_tags","embeddable":true,"href":"https:\/\/visitmarratxi.es\/es\/wp-json\/wp\/v2\/event_tags?post=12079"},{"taxonomy":"location","embeddable":true,"href":"https:\/\/visitmarratxi.es\/es\/wp-json\/wp\/v2\/location?post=12079"}],"curies":[{"name":"wp","href":"https:\/\/api.w.org\/{rel}","templated":true}]}}

Marratxí Cultural

<p><strong>Bienvenidos al ‘Marratxí Cultural’!</strong></p>
<p>Un nuevo programa de actividades que llenará nuestro municipio de eventos culturales para todos los públicos. Música, teatro, cuentacuentos y baile son algunas de las múltiples opciones que ofrece este programa a los marratxiners. Consulta el programa y apunta las fechas, no te pierdas ninguna actividad.</p>

<p>Bienvenidos al ‘Marratxí Cultural’! Un nuevo programa de actividades que llenará nuestro municipio de eventos culturales para todos los públicos. Música, teatro, cuentacuentos y baile son algunas de las múltiples opciones que ofrece este programa a los marratxiners. Consulta el&#8230;</p>
