{"id":13562,"date":"2024-09-09T10:48:13","date_gmt":"2024-09-09T08:48:13","guid":{"rendered":"https:\/\/visitmarratxi.es\/event\/vi-cursa-per-la-prevencio-del-suicidi-de-les-illes-balears\/"},"modified":"2024-09-09T10:50:18","modified_gmt":"2024-09-09T08:50:18","slug":"vi-cursa-per-la-prevencio-del-suicidi-de-les-illes-balears","status":"publish","type":"event","link":"https:\/\/visitmarratxi.es\/es\/evento\/vi-cursa-per-la-prevencio-del-suicidi-de-les-illes-balears\/","title":{"rendered":"VI CURSA PER LA PREVENCI\u00d3 DEL SU\u00cfCIDI DE LES ILLES BALEARS"},"content":{"rendered":"<p>Des de l&#8217; Associaci\u00f3 AFASIB, com cada any des del 2019, posem en marxa la VI CURSA I MARXA PER LA PREVENCI\u00d3 DEL SU\u00cfCIDI, que se celebrar\u00e0 el dia 15 de setembre de 2024 a les 18h, amb motiu del dia mundial per la prevenci\u00f3 del su\u00efcidi (10 de setembre). Els objectius principals s\u00f3n contribu\u00efr en la prevenci\u00f3 del su\u00efcidi mitjan\u00e7ant la visibilitzaci\u00f3 de la realitat del su\u00efcidi i recaptar fons per a facilitar l&#8217;activitat de l&#8217;Associaci\u00f3.<\/p>\n<p>Possibilitat de triar una entre les seg\u00fcents modalitats de participaci\u00f3:<\/p>\n<p>4227 metres per la MARXA (no competitiva) i 5km per la CURSA que haureu d&#8217;especificar concretament en el formulari d&#8217;inscripci\u00f3. Com cada any, el nombre de metres de la marxa s\u00f3n el nombre de su\u00efcidis registrats a Espanya durant l&#8217;any 2022, segons dades publicades a l&#8217;INE.<\/p>\n<p>#unmetrepercadavida<\/p>\n<p>1.\u00a0 A la p\u00e0gina web\u00a0<a href=\"http:\/\/www.elitechip.net\/\">http:\/\/www.elitechip.net\u00a0<\/a>podreu trobar com inscriure-s\u2019hi en dues modalitats:<\/p>\n<ul>\n<li>Individual Marxa (NO COMPETITIVA): 4227 metres.<\/li>\n<li>Individual CURSA: 5 KM<\/li>\n<\/ul>\n<p><b>El cost de l\u2019inscripci\u00f3 \u00e9s de 8 euros.<\/b><\/p>\n","protected":false},"excerpt":{"rendered":"<p>Des de l&#8217; Associaci\u00f3 AFASIB, com cada any des del 2019, posem en marxa la VI CURSA I MARXA PER LA PREVENCI\u00d3 DEL SU\u00cfCIDI, que se celebrar\u00e0 el dia 15 de setembre de 2024 a les 18h, amb motiu del&#8230;<\/p>\n","protected":false},"author":6,"featured_media":13559,"comment_status":"open","ping_status":"closed","template":"","meta":{"footnotes":""},"eventcat":[316],"organizer":[],"event_tags":[665,814],"location":[815],"class_list":["post-13562","event","type-event","status-publish","has-post-thumbnail","hentry","eventcat-deportes","event_tags-esdeveniments-es","event_tags-outdoor-es","location-parc-de-la-mediterranea-sa-nova-cabana-es"],"_links":{"self":[{"href":"https:\/\/visitmarratxi.es\/es\/wp-json\/wp\/v2\/event\/13562","targetHints":{"allow":["GET"]}}],"collection":[{"href":"https:\/\/visitmarratxi.es\/es\/wp-json\/wp\/v2\/event"}],"about":[{"href":"https:\/\/visitmarratxi.es\/es\/wp-json\/wp\/v2\/types\/event"}],"author":[{"embeddable":true,"href":"https:\/\/visitmarratxi.es\/es\/wp-json\/wp\/v2\/users\/6"}],"replies":[{"embeddable":true,"href":"https:\/\/visitmarratxi.es\/es\/wp-json\/wp\/v2\/comments?post=13562"}],"version-history":[{"count":1,"href":"https:\/\/visitmarratxi.es\/es\/wp-json\/wp\/v2\/event\/13562\/revisions"}],"predecessor-version":[{"id":13563,"href":"https:\/\/visitmarratxi.es\/es\/wp-json\/wp\/v2\/event\/13562\/revisions\/13563"}],"wp:featuredmedia":[{"embeddable":true,"href":"https:\/\/visitmarratxi.es\/es\/wp-json\/wp\/v2\/media\/13559"}],"wp:attachment":[{"href":"https:\/\/visitmarratxi.es\/es\/wp-json\/wp\/v2\/media?parent=13562"}],"wp:term":[{"taxonomy":"eventcat","embeddable":true,"href":"https:\/\/visitmarratxi.es\/es\/wp-json\/wp\/v2\/eventcat?post=13562"},{"taxonomy":"organizer","embeddable":true,"href":"https:\/\/visitmarratxi.es\/es\/wp-json\/wp\/v2\/organizer?post=13562"},{"taxonomy":"event_tags","embeddable":true,"href":"https:\/\/visitmarratxi.es\/es\/wp-json\/wp\/v2\/event_tags?post=13562"},{"taxonomy":"location","embeddable":true,"href":"https:\/\/visitmarratxi.es\/es\/wp-json\/wp\/v2\/location?post=13562"}],"curies":[{"name":"wp","href":"https:\/\/api.w.org\/{rel}","templated":true}]}}

VI CURSA PER LA PREVENCIÓ DEL SUÏCIDI DE LES ILLES BALEARS

<p>Des de l&#8217; Associació AFASIB, com cada any des del 2019, posem en marxa la VI CURSA I MARXA PER LA PREVENCIÓ DEL SUÏCIDI, que se celebrarà el dia 15 de setembre de 2024 a les 18h, amb motiu del dia mundial per la prevenció del suïcidi (10 de setembre). Els objectius principals són contribuïr en la prevenció del suïcidi mitjançant la visibilització de la realitat del suïcidi i recaptar fons per a facilitar l&#8217;activitat de l&#8217;Associació.</p>
<p>Possibilitat de triar una entre les següents modalitats de participació:</p>
<p>4227 metres per la MARXA (no competitiva) i 5km per la CURSA que haureu d&#8217;especificar concretament en el formulari d&#8217;inscripció. Com cada any, el nombre de metres de la marxa són el nombre de suïcidis registrats a Espanya durant l&#8217;any 2022, segons dades publicades a l&#8217;INE.</p>
<p>#unmetrepercadavida</p>
<p>1.  A la pàgina web <a href="http://www.elitechip.net/">http://www.elitechip.net </a>podreu trobar com inscriure-s’hi en dues modalitats:</p>
<ul>
<li>Individual Marxa (NO COMPETITIVA): 4227 metres.</li>
<li>Individual CURSA: 5 KM</li>
</ul>
<p><b>El cost de l’inscripció és de 8 euros.</b></p>

<p>Des de l&#8217; Associació AFASIB, com cada any des del 2019, posem en marxa la VI CURSA I MARXA PER LA PREVENCIÓ DEL SUÏCIDI, que se celebrarà el dia 15 de setembre de 2024 a les 18h, amb motiu del&#8230;</p>
