{"id":13942,"date":"2025-01-15T15:37:15","date_gmt":"2025-01-15T13:37:15","guid":{"rendered":"https:\/\/visitmarratxi.es\/?post_type=event&#038;p=13942"},"modified":"2025-01-15T15:44:17","modified_gmt":"2025-01-15T13:44:17","slug":"exposicion-textures-mediterranies-y-moments-capturats","status":"publish","type":"event","link":"https:\/\/visitmarratxi.es\/es\/evento\/exposicion-textures-mediterranies-y-moments-capturats\/","title":{"rendered":"Exposici\u00f3n &#8216;Textures Mediterr\u00e0nies&#8217; y &#8216;Moments Capturats&#8217;"},"content":{"rendered":"<p><span style=\"font-weight: 400;\">Sa Refinadora acoge a partir del pr\u00f3ximo viernes, 17 de enero a las 18:00 horas, una nueva exposici\u00f3n conjunta:<\/span><\/p>\n<p><span style=\"font-weight: 400;\">Textures Mediterr\u00e0nies, de Dolors Comas, captura la esencia y la riqueza de los paisajes.<\/span><\/p>\n<p><span style=\"font-weight: 400;\">Moments Capturats, de Carlota Bauz\u00e1 de Mirab\u00f3, presenta una selecci\u00f3n de instantes de conexi\u00f3n y diversi\u00f3n entre las personas.<\/span><\/p>\n<p><span style=\"font-weight: 400;\">Se podr\u00e1 visitar hasta el 12 de febrero.<\/span><\/p>\n<p><span style=\"font-weight: 400;\">Horario de visita:<\/span><\/p>\n<p><b>Martes, jueves y s\u00e1bados<\/b><span style=\"font-weight: 400;\">: de 11:30 a 13:30.<\/span><span style=\"font-weight: 400;\"><br \/>\n<\/span><b>Mi\u00e9rcoles y viernes<\/b><span style=\"font-weight: 400;\">: de 17:00 a 19:00.<\/span><\/p>\n","protected":false},"excerpt":{"rendered":"<p>Sa Refinadora acoge a partir del pr\u00f3ximo viernes, 17 de enero a las 18:00 horas, una nueva exposici\u00f3n conjunta: Textures Mediterr\u00e0nies, de Dolors Comas, captura la esencia y la riqueza de los paisajes. Moments Capturats, de Carlota Bauz\u00e1 de Mirab\u00f3,&#8230;<\/p>\n","protected":false},"author":6,"featured_media":13940,"comment_status":"open","ping_status":"closed","template":"","meta":{"footnotes":""},"eventcat":[303,293,323],"organizer":[],"event_tags":[],"location":[816],"class_list":["post-13942","event","type-event","status-publish","has-post-thumbnail","hentry","eventcat-actividades","eventcat-arte","eventcat-exposicion","location-sa-refinadora"],"_links":{"self":[{"href":"https:\/\/visitmarratxi.es\/es\/wp-json\/wp\/v2\/event\/13942","targetHints":{"allow":["GET"]}}],"collection":[{"href":"https:\/\/visitmarratxi.es\/es\/wp-json\/wp\/v2\/event"}],"about":[{"href":"https:\/\/visitmarratxi.es\/es\/wp-json\/wp\/v2\/types\/event"}],"author":[{"embeddable":true,"href":"https:\/\/visitmarratxi.es\/es\/wp-json\/wp\/v2\/users\/6"}],"replies":[{"embeddable":true,"href":"https:\/\/visitmarratxi.es\/es\/wp-json\/wp\/v2\/comments?post=13942"}],"version-history":[{"count":1,"href":"https:\/\/visitmarratxi.es\/es\/wp-json\/wp\/v2\/event\/13942\/revisions"}],"predecessor-version":[{"id":13943,"href":"https:\/\/visitmarratxi.es\/es\/wp-json\/wp\/v2\/event\/13942\/revisions\/13943"}],"wp:featuredmedia":[{"embeddable":true,"href":"https:\/\/visitmarratxi.es\/es\/wp-json\/wp\/v2\/media\/13940"}],"wp:attachment":[{"href":"https:\/\/visitmarratxi.es\/es\/wp-json\/wp\/v2\/media?parent=13942"}],"wp:term":[{"taxonomy":"eventcat","embeddable":true,"href":"https:\/\/visitmarratxi.es\/es\/wp-json\/wp\/v2\/eventcat?post=13942"},{"taxonomy":"organizer","embeddable":true,"href":"https:\/\/visitmarratxi.es\/es\/wp-json\/wp\/v2\/organizer?post=13942"},{"taxonomy":"event_tags","embeddable":true,"href":"https:\/\/visitmarratxi.es\/es\/wp-json\/wp\/v2\/event_tags?post=13942"},{"taxonomy":"location","embeddable":true,"href":"https:\/\/visitmarratxi.es\/es\/wp-json\/wp\/v2\/location?post=13942"}],"curies":[{"name":"wp","href":"https:\/\/api.w.org\/{rel}","templated":true}]}}

Exposición &#8216;Textures Mediterrànies&#8217; y &#8216;Moments Capturats&#8217;

<p><span style="font-weight: 400;">Sa Refinadora acoge a partir del próximo viernes, 17 de enero a las 18:00 horas, una nueva exposición conjunta:</span></p>
<p><span style="font-weight: 400;">Textures Mediterrànies, de Dolors Comas, captura la esencia y la riqueza de los paisajes.</span></p>
<p><span style="font-weight: 400;">Moments Capturats, de Carlota Bauzá de Mirabó, presenta una selección de instantes de conexión y diversión entre las personas.</span></p>
<p><span style="font-weight: 400;">Se podrá visitar hasta el 12 de febrero.</span></p>
<p><span style="font-weight: 400;">Horario de visita:</span></p>
<p><b>Martes, jueves y sábados</b><span style="font-weight: 400;">: de 11:30 a 13:30.</span><span style="font-weight: 400;"><br />
</span><b>Miércoles y viernes</b><span style="font-weight: 400;">: de 17:00 a 19:00.</span></p>

<p>Sa Refinadora acoge a partir del próximo viernes, 17 de enero a las 18:00 horas, una nueva exposición conjunta: Textures Mediterrànies, de Dolors Comas, captura la esencia y la riqueza de los paisajes. Moments Capturats, de Carlota Bauzá de Mirabó,&#8230;</p>
