{"id":14180,"date":"2025-05-09T09:31:28","date_gmt":"2025-05-09T07:31:28","guid":{"rendered":"https:\/\/visitmarratxi.es\/?post_type=event&#038;p=14180"},"modified":"2025-05-09T09:50:42","modified_gmt":"2025-05-09T07:50:42","slug":"antoni-socias-com-caigut-del-cel","status":"publish","type":"event","link":"https:\/\/visitmarratxi.es\/es\/evento\/antoni-socias-com-caigut-del-cel\/","title":{"rendered":"Antoni Soc\u00edas &#8211; Com caigut del cel"},"content":{"rendered":"<p>Sa Refinadora \ud83c\udfed acoge una nueva exposici\u00f3n de Antoni Soc\u00edas \ud83d\udd8c\ufe0f.<\/p>\n<p>Despu\u00e9s de la exposici\u00f3n conjunta &#8216;Artistas de Marratx\u00ed&#8217; el pasado mes de agosto, el artista multidisciplinar establecido en Sa Cabaneta vuelve al espacio sociocultural de Es Pont d&#8217;Inca.<\/p>\n<p>\ud83d\udcac En \u00abCom caigut del cel\u00bb nos presenta una serie de pinturas y dibujos on\u00edricos y oscuros confeccionados desde 2019 hasta la actualidad.<\/p>\n<p>\ud83d\udc49\ud83c\udffb Inauguraci\u00f3n el viernes 9 de mayo a las 19h.<\/p>\n<p>\ud83d\udccdSa Refinadora (Avenida Antoni Maura, 65).<\/p>\n","protected":false},"excerpt":{"rendered":"<p>Sa Refinadora \ud83c\udfed acoge una nueva exposici\u00f3n de Antoni Soc\u00edas \ud83d\udd8c\ufe0f. Despu\u00e9s de la exposici\u00f3n conjunta &#8216;Artistas de Marratx\u00ed&#8217; el pasado mes de agosto, el artista multidisciplinar establecido en Sa Cabaneta vuelve al espacio sociocultural de Es Pont d&#8217;Inca. \ud83d\udcac&#8230;<\/p>\n","protected":false},"author":6,"featured_media":14196,"comment_status":"open","ping_status":"closed","template":"","meta":{"footnotes":""},"eventcat":[],"organizer":[],"event_tags":[],"location":[807,816],"class_list":["post-14180","event","type-event","status-publish","has-post-thumbnail","hentry","location-av-antoni-maura-65-pont-dinca-es","location-sa-refinadora"],"_links":{"self":[{"href":"https:\/\/visitmarratxi.es\/es\/wp-json\/wp\/v2\/event\/14180","targetHints":{"allow":["GET"]}}],"collection":[{"href":"https:\/\/visitmarratxi.es\/es\/wp-json\/wp\/v2\/event"}],"about":[{"href":"https:\/\/visitmarratxi.es\/es\/wp-json\/wp\/v2\/types\/event"}],"author":[{"embeddable":true,"href":"https:\/\/visitmarratxi.es\/es\/wp-json\/wp\/v2\/users\/6"}],"replies":[{"embeddable":true,"href":"https:\/\/visitmarratxi.es\/es\/wp-json\/wp\/v2\/comments?post=14180"}],"version-history":[{"count":2,"href":"https:\/\/visitmarratxi.es\/es\/wp-json\/wp\/v2\/event\/14180\/revisions"}],"predecessor-version":[{"id":14190,"href":"https:\/\/visitmarratxi.es\/es\/wp-json\/wp\/v2\/event\/14180\/revisions\/14190"}],"wp:featuredmedia":[{"embeddable":true,"href":"https:\/\/visitmarratxi.es\/es\/wp-json\/wp\/v2\/media\/14196"}],"wp:attachment":[{"href":"https:\/\/visitmarratxi.es\/es\/wp-json\/wp\/v2\/media?parent=14180"}],"wp:term":[{"taxonomy":"eventcat","embeddable":true,"href":"https:\/\/visitmarratxi.es\/es\/wp-json\/wp\/v2\/eventcat?post=14180"},{"taxonomy":"organizer","embeddable":true,"href":"https:\/\/visitmarratxi.es\/es\/wp-json\/wp\/v2\/organizer?post=14180"},{"taxonomy":"event_tags","embeddable":true,"href":"https:\/\/visitmarratxi.es\/es\/wp-json\/wp\/v2\/event_tags?post=14180"},{"taxonomy":"location","embeddable":true,"href":"https:\/\/visitmarratxi.es\/es\/wp-json\/wp\/v2\/location?post=14180"}],"curies":[{"name":"wp","href":"https:\/\/api.w.org\/{rel}","templated":true}]}}

Antoni Socías &#8211; Com caigut del cel

<p>Sa Refinadora 🏭 acoge una nueva exposición de Antoni Socías 🖌️.</p>
<p>Después de la exposición conjunta &#8216;Artistas de Marratxí&#8217; el pasado mes de agosto, el artista multidisciplinar establecido en Sa Cabaneta vuelve al espacio sociocultural de Es Pont d&#8217;Inca.</p>
<p>💬 En «Com caigut del cel» nos presenta una serie de pinturas y dibujos oníricos y oscuros confeccionados desde 2019 hasta la actualidad.</p>
<p>👉🏻 Inauguración el viernes 9 de mayo a las 19h.</p>
<p>📍Sa Refinadora (Avenida Antoni Maura, 65).</p>

<p>Sa Refinadora 🏭 acoge una nueva exposición de Antoni Socías 🖌️. Después de la exposición conjunta &#8216;Artistas de Marratxí&#8217; el pasado mes de agosto, el artista multidisciplinar establecido en Sa Cabaneta vuelve al espacio sociocultural de Es Pont d&#8217;Inca. 💬&#8230;</p>
