{"id":14221,"date":"2025-05-12T11:16:42","date_gmt":"2025-05-12T09:16:42","guid":{"rendered":"https:\/\/visitmarratxi.es\/event\/excursio-amb-btt-colonia-de-sant-jordi-es-calo\/"},"modified":"2025-05-14T08:39:58","modified_gmt":"2025-05-14T06:39:58","slug":"excursio-amb-btt-colonia-de-sant-jordi-es-calo","status":"publish","type":"event","link":"https:\/\/visitmarratxi.es\/es\/evento\/excursio-amb-btt-colonia-de-sant-jordi-es-calo\/","title":{"rendered":"Excursi\u00f3n con BTT &#8211; Colonia de San Jordi &#8211; Es Cal\u00f3 &#8211;"},"content":{"rendered":"<p>\u00bfTe gusta la BTT? \u00a1Ven de excursi\u00f3n! \ud83d\udeb5\u200d\u2640\ufe0f<\/p>\n<p>\ud83c\udfdd\ufe0f\u00danete a la salida en bicicleta de monta\u00f1a desde la Col\u00f2nia de Sant Pere hasta Es Cal\u00f3.<br \/>\n\u00a1Bicicletas incluidas!<\/p>\n<p>\ud83d\udcc5 S\u00e1bado 24 de mayo<\/p>\n<p>\ud83d\udd58 Salida a las 9:00 h<\/p>\n<p>\u23f3 Duraci\u00f3n aproximada: 4 horas<\/p>\n<p>\ud83d\udc49 Plazas limitadas. Se requiere inscripci\u00f3n previa.<\/p>\n<p>\ud83d\udce9Env\u00eda un correo a marratxiesmou@marratxi.es con tu nombre, tel\u00e9fono y correo electr\u00f3nico.<\/p>\n<p>\u00a1No te quedes sin plaza!<\/p>\n","protected":false},"excerpt":{"rendered":"<p>\u00bfTe gusta la BTT? \u00a1Ven de excursi\u00f3n! \ud83d\udeb5\u200d\u2640\ufe0f \ud83c\udfdd\ufe0f\u00danete a la salida en bicicleta de monta\u00f1a desde la Col\u00f2nia de Sant Pere hasta Es Cal\u00f3. \u00a1Bicicletas incluidas! \ud83d\udcc5 S\u00e1bado 24 de mayo \ud83d\udd58 Salida a las 9:00 h \u23f3 Duraci\u00f3n&#8230;<\/p>\n","protected":false},"author":6,"featured_media":14217,"comment_status":"open","ping_status":"closed","template":"","meta":{"footnotes":""},"eventcat":[],"organizer":[],"event_tags":[],"location":[830],"class_list":["post-14221","event","type-event","status-publish","has-post-thumbnail","hentry","location-placa-de-lajuntament-2"],"_links":{"self":[{"href":"https:\/\/visitmarratxi.es\/es\/wp-json\/wp\/v2\/event\/14221","targetHints":{"allow":["GET"]}}],"collection":[{"href":"https:\/\/visitmarratxi.es\/es\/wp-json\/wp\/v2\/event"}],"about":[{"href":"https:\/\/visitmarratxi.es\/es\/wp-json\/wp\/v2\/types\/event"}],"author":[{"embeddable":true,"href":"https:\/\/visitmarratxi.es\/es\/wp-json\/wp\/v2\/users\/6"}],"replies":[{"embeddable":true,"href":"https:\/\/visitmarratxi.es\/es\/wp-json\/wp\/v2\/comments?post=14221"}],"version-history":[{"count":2,"href":"https:\/\/visitmarratxi.es\/es\/wp-json\/wp\/v2\/event\/14221\/revisions"}],"predecessor-version":[{"id":14224,"href":"https:\/\/visitmarratxi.es\/es\/wp-json\/wp\/v2\/event\/14221\/revisions\/14224"}],"wp:featuredmedia":[{"embeddable":true,"href":"https:\/\/visitmarratxi.es\/es\/wp-json\/wp\/v2\/media\/14217"}],"wp:attachment":[{"href":"https:\/\/visitmarratxi.es\/es\/wp-json\/wp\/v2\/media?parent=14221"}],"wp:term":[{"taxonomy":"eventcat","embeddable":true,"href":"https:\/\/visitmarratxi.es\/es\/wp-json\/wp\/v2\/eventcat?post=14221"},{"taxonomy":"organizer","embeddable":true,"href":"https:\/\/visitmarratxi.es\/es\/wp-json\/wp\/v2\/organizer?post=14221"},{"taxonomy":"event_tags","embeddable":true,"href":"https:\/\/visitmarratxi.es\/es\/wp-json\/wp\/v2\/event_tags?post=14221"},{"taxonomy":"location","embeddable":true,"href":"https:\/\/visitmarratxi.es\/es\/wp-json\/wp\/v2\/location?post=14221"}],"curies":[{"name":"wp","href":"https:\/\/api.w.org\/{rel}","templated":true}]}}

Excursión con BTT &#8211; Colonia de San Jordi &#8211; Es Caló &#8211;

<p>¿Te gusta la BTT? ¡Ven de excursión! 🚵‍♀️</p>
<p>🏝️Únete a la salida en bicicleta de montaña desde la Colònia de Sant Pere hasta Es Caló.<br />
¡Bicicletas incluidas!</p>
<p>📅 Sábado 24 de mayo</p>
<p>🕘 Salida a las 9:00 h</p>
<p>⏳ Duración aproximada: 4 horas</p>
<p>👉 Plazas limitadas. Se requiere inscripción previa.</p>
<p>📩Envía un correo a marratxiesmou@marratxi.es con tu nombre, teléfono y correo electrónico.</p>
<p>¡No te quedes sin plaza!</p>

<p>¿Te gusta la BTT? ¡Ven de excursión! 🚵‍♀️ 🏝️Únete a la salida en bicicleta de montaña desde la Colònia de Sant Pere hasta Es Caló. ¡Bicicletas incluidas! 📅 Sábado 24 de mayo 🕘 Salida a las 9:00 h ⏳ Duración&#8230;</p>
