{"id":14516,"date":"2025-07-15T13:20:50","date_gmt":"2025-07-15T11:20:50","guid":{"rendered":"https:\/\/visitmarratxi.es\/?post_type=event&#038;p=14516"},"modified":"2025-07-15T13:26:43","modified_gmt":"2025-07-15T11:26:43","slug":"fang-tapa-portol","status":"publish","type":"event","link":"https:\/\/visitmarratxi.es\/es\/evento\/fang-tapa-portol\/","title":{"rendered":"Fang Tapa &#8211; P\u00f2rtol"},"content":{"rendered":"<p>\ud83d\ude82Vuelve el Fang Tapa!<\/p>\n<p>La ruta de tapas en tren llega a P\u00f2rtol para disfrutar de la gastronomia de Marratx\u00ed y el mejor ambiente.<\/p>\n<p>\ud83d\uddd3\ufe0f 24 de julio<br \/>\nDe 19.30 a 23.30 h.<\/p>\n<p>\ud83d\udcf2M\u00e1s informaci\u00f3n en Marratx\u00ed.es<\/p>\n","protected":false},"excerpt":{"rendered":"<p>\ud83d\ude82Vuelve el Fang Tapa! La ruta de tapas en tren llega a P\u00f2rtol para disfrutar de la gastronomia de Marratx\u00ed y el mejor ambiente. \ud83d\uddd3\ufe0f 24 de julio De 19.30 a 23.30 h. \ud83d\udcf2M\u00e1s informaci\u00f3n en Marratx\u00ed.es<\/p>\n","protected":false},"author":6,"featured_media":14509,"comment_status":"open","ping_status":"closed","template":"","meta":{"footnotes":""},"eventcat":[],"organizer":[],"event_tags":[],"location":[283],"class_list":["post-14516","event","type-event","status-publish","has-post-thumbnail","hentry","location-portol-2"],"_links":{"self":[{"href":"https:\/\/visitmarratxi.es\/es\/wp-json\/wp\/v2\/event\/14516","targetHints":{"allow":["GET"]}}],"collection":[{"href":"https:\/\/visitmarratxi.es\/es\/wp-json\/wp\/v2\/event"}],"about":[{"href":"https:\/\/visitmarratxi.es\/es\/wp-json\/wp\/v2\/types\/event"}],"author":[{"embeddable":true,"href":"https:\/\/visitmarratxi.es\/es\/wp-json\/wp\/v2\/users\/6"}],"replies":[{"embeddable":true,"href":"https:\/\/visitmarratxi.es\/es\/wp-json\/wp\/v2\/comments?post=14516"}],"version-history":[{"count":1,"href":"https:\/\/visitmarratxi.es\/es\/wp-json\/wp\/v2\/event\/14516\/revisions"}],"predecessor-version":[{"id":14517,"href":"https:\/\/visitmarratxi.es\/es\/wp-json\/wp\/v2\/event\/14516\/revisions\/14517"}],"wp:featuredmedia":[{"embeddable":true,"href":"https:\/\/visitmarratxi.es\/es\/wp-json\/wp\/v2\/media\/14509"}],"wp:attachment":[{"href":"https:\/\/visitmarratxi.es\/es\/wp-json\/wp\/v2\/media?parent=14516"}],"wp:term":[{"taxonomy":"eventcat","embeddable":true,"href":"https:\/\/visitmarratxi.es\/es\/wp-json\/wp\/v2\/eventcat?post=14516"},{"taxonomy":"organizer","embeddable":true,"href":"https:\/\/visitmarratxi.es\/es\/wp-json\/wp\/v2\/organizer?post=14516"},{"taxonomy":"event_tags","embeddable":true,"href":"https:\/\/visitmarratxi.es\/es\/wp-json\/wp\/v2\/event_tags?post=14516"},{"taxonomy":"location","embeddable":true,"href":"https:\/\/visitmarratxi.es\/es\/wp-json\/wp\/v2\/location?post=14516"}],"curies":[{"name":"wp","href":"https:\/\/api.w.org\/{rel}","templated":true}]}}

Fang Tapa &#8211; Pòrtol

<p>🚂Vuelve el Fang Tapa!</p>
<p>La ruta de tapas en tren llega a Pòrtol para disfrutar de la gastronomia de Marratxí y el mejor ambiente.</p>
<p>🗓️ 24 de julio<br />
De 19.30 a 23.30 h.</p>
<p>📲Más información en Marratxí.es</p>

<p>🚂Vuelve el Fang Tapa! La ruta de tapas en tren llega a Pòrtol para disfrutar de la gastronomia de Marratxí y el mejor ambiente. 🗓️ 24 de julio De 19.30 a 23.30 h. 📲Más información en Marratxí.es</p>
