{"id":14520,"date":"2025-07-15T13:38:43","date_gmt":"2025-07-15T11:38:43","guid":{"rendered":"https:\/\/visitmarratxi.es\/?post_type=event&#038;p=14520"},"modified":"2025-07-15T13:44:43","modified_gmt":"2025-07-15T11:44:43","slug":"fang-tapa-sa-cabaneta","status":"publish","type":"event","link":"https:\/\/visitmarratxi.es\/es\/evento\/fang-tapa-sa-cabaneta\/","title":{"rendered":"Fang Tapa &#8211; Sa Cabaneta"},"content":{"rendered":"<p>\ud83d\ude82Vuelve el Fang Tapa!<\/p>\n<p>La ruta de tapas en tren llega a Sa Cabaneta para disfrutar de la gastronomia de Marratx\u00ed y el mejor ambiente.<\/p>\n<p>\ud83d\uddd3\ufe0f 31 de juliol<br \/>\nDe 19.30 a 23.30 h.<\/p>\n<p>\ud83d\udcf2M\u00e1s informaci\u00f3n en Marratx\u00ed.es<\/p>\n","protected":false},"excerpt":{"rendered":"<p>\ud83d\ude82Vuelve el Fang Tapa! La ruta de tapas en tren llega a Sa Cabaneta para disfrutar de la gastronomia de Marratx\u00ed y el mejor ambiente. \ud83d\uddd3\ufe0f 31 de juliol De 19.30 a 23.30 h. \ud83d\udcf2M\u00e1s informaci\u00f3n en Marratx\u00ed.es<\/p>\n","protected":false},"author":6,"featured_media":14514,"comment_status":"open","ping_status":"closed","template":"","meta":{"footnotes":""},"eventcat":[],"organizer":[],"event_tags":[],"location":[279],"class_list":["post-14520","event","type-event","status-publish","has-post-thumbnail","hentry","location-sa-cabaneta"],"_links":{"self":[{"href":"https:\/\/visitmarratxi.es\/es\/wp-json\/wp\/v2\/event\/14520","targetHints":{"allow":["GET"]}}],"collection":[{"href":"https:\/\/visitmarratxi.es\/es\/wp-json\/wp\/v2\/event"}],"about":[{"href":"https:\/\/visitmarratxi.es\/es\/wp-json\/wp\/v2\/types\/event"}],"author":[{"embeddable":true,"href":"https:\/\/visitmarratxi.es\/es\/wp-json\/wp\/v2\/users\/6"}],"replies":[{"embeddable":true,"href":"https:\/\/visitmarratxi.es\/es\/wp-json\/wp\/v2\/comments?post=14520"}],"version-history":[{"count":1,"href":"https:\/\/visitmarratxi.es\/es\/wp-json\/wp\/v2\/event\/14520\/revisions"}],"predecessor-version":[{"id":14521,"href":"https:\/\/visitmarratxi.es\/es\/wp-json\/wp\/v2\/event\/14520\/revisions\/14521"}],"wp:featuredmedia":[{"embeddable":true,"href":"https:\/\/visitmarratxi.es\/es\/wp-json\/wp\/v2\/media\/14514"}],"wp:attachment":[{"href":"https:\/\/visitmarratxi.es\/es\/wp-json\/wp\/v2\/media?parent=14520"}],"wp:term":[{"taxonomy":"eventcat","embeddable":true,"href":"https:\/\/visitmarratxi.es\/es\/wp-json\/wp\/v2\/eventcat?post=14520"},{"taxonomy":"organizer","embeddable":true,"href":"https:\/\/visitmarratxi.es\/es\/wp-json\/wp\/v2\/organizer?post=14520"},{"taxonomy":"event_tags","embeddable":true,"href":"https:\/\/visitmarratxi.es\/es\/wp-json\/wp\/v2\/event_tags?post=14520"},{"taxonomy":"location","embeddable":true,"href":"https:\/\/visitmarratxi.es\/es\/wp-json\/wp\/v2\/location?post=14520"}],"curies":[{"name":"wp","href":"https:\/\/api.w.org\/{rel}","templated":true}]}}

<p>🚂Vuelve el Fang Tapa!</p>
<p>La ruta de tapas en tren llega a Sa Cabaneta para disfrutar de la gastronomia de Marratxí y el mejor ambiente.</p>
<p>🗓️ 31 de juliol<br />
De 19.30 a 23.30 h.</p>
<p>📲Más información en Marratxí.es</p>

<p>🚂Vuelve el Fang Tapa! La ruta de tapas en tren llega a Sa Cabaneta para disfrutar de la gastronomia de Marratxí y el mejor ambiente. 🗓️ 31 de juliol De 19.30 a 23.30 h. 📲Más información en Marratxí.es</p>
