{"id":14591,"date":"2025-09-02T11:40:34","date_gmt":"2025-09-02T09:40:34","guid":{"rendered":"https:\/\/visitmarratxi.es\/event\/bicma-2025\/"},"modified":"2025-09-02T11:41:53","modified_gmt":"2025-09-02T09:41:53","slug":"bicma-2025","status":"publish","type":"event","link":"https:\/\/visitmarratxi.es\/es\/evento\/bicma-2025\/","title":{"rendered":"BICMA 2025"},"content":{"rendered":"<p>Vuelve la Bienal Internacional de Cer\u00e1mica de Marratx\u00ed (BICMA)<\/p>\n<p>\ud83d\udcc6 La inauguraci\u00f3n ser\u00e1 el 4 de septiembre en Sa Refinadoraa las 19h y contar\u00e1 con 30 obras de artistas internacionales y una muestra de ediciones anteriores.<\/p>\n<p>\ud83d\udc69\ud83c\udffc\u200d\ud83c\udfa8 Con esta iniciativa el Ayuntamiento pretende impulsar el talento contempor\u00e1neo en el campo de la cer\u00e1mica a nivel internacional e impulsar la creaci\u00f3n, la innovaci\u00f3n y la proyecci\u00f3n de artistas.<\/p>\n<p>\ud83d\udc49\ud83c\udffb La BICMA representa la calidad, la creatividad y el valor cultural de la cer\u00e1mica como s\u00edmbolo de identidad del municipio.<\/p>\n","protected":false},"excerpt":{"rendered":"<p>Vuelve la Bienal Internacional de Cer\u00e1mica de Marratx\u00ed (BICMA) \ud83d\udcc6 La inauguraci\u00f3n ser\u00e1 el 4 de septiembre en Sa Refinadoraa las 19h y contar\u00e1 con 30 obras de artistas internacionales y una muestra de ediciones anteriores. \ud83d\udc69\ud83c\udffc\u200d\ud83c\udfa8 Con esta iniciativa&#8230;<\/p>\n","protected":false},"author":6,"featured_media":14588,"comment_status":"open","ping_status":"closed","template":"","meta":{"footnotes":""},"eventcat":[323],"organizer":[],"event_tags":[564],"location":[816],"class_list":["post-14591","event","type-event","status-publish","has-post-thumbnail","hentry","eventcat-exposicion","event_tags-arte","location-sa-refinadora"],"_links":{"self":[{"href":"https:\/\/visitmarratxi.es\/es\/wp-json\/wp\/v2\/event\/14591","targetHints":{"allow":["GET"]}}],"collection":[{"href":"https:\/\/visitmarratxi.es\/es\/wp-json\/wp\/v2\/event"}],"about":[{"href":"https:\/\/visitmarratxi.es\/es\/wp-json\/wp\/v2\/types\/event"}],"author":[{"embeddable":true,"href":"https:\/\/visitmarratxi.es\/es\/wp-json\/wp\/v2\/users\/6"}],"replies":[{"embeddable":true,"href":"https:\/\/visitmarratxi.es\/es\/wp-json\/wp\/v2\/comments?post=14591"}],"version-history":[{"count":1,"href":"https:\/\/visitmarratxi.es\/es\/wp-json\/wp\/v2\/event\/14591\/revisions"}],"predecessor-version":[{"id":14592,"href":"https:\/\/visitmarratxi.es\/es\/wp-json\/wp\/v2\/event\/14591\/revisions\/14592"}],"wp:featuredmedia":[{"embeddable":true,"href":"https:\/\/visitmarratxi.es\/es\/wp-json\/wp\/v2\/media\/14588"}],"wp:attachment":[{"href":"https:\/\/visitmarratxi.es\/es\/wp-json\/wp\/v2\/media?parent=14591"}],"wp:term":[{"taxonomy":"eventcat","embeddable":true,"href":"https:\/\/visitmarratxi.es\/es\/wp-json\/wp\/v2\/eventcat?post=14591"},{"taxonomy":"organizer","embeddable":true,"href":"https:\/\/visitmarratxi.es\/es\/wp-json\/wp\/v2\/organizer?post=14591"},{"taxonomy":"event_tags","embeddable":true,"href":"https:\/\/visitmarratxi.es\/es\/wp-json\/wp\/v2\/event_tags?post=14591"},{"taxonomy":"location","embeddable":true,"href":"https:\/\/visitmarratxi.es\/es\/wp-json\/wp\/v2\/location?post=14591"}],"curies":[{"name":"wp","href":"https:\/\/api.w.org\/{rel}","templated":true}]}}

<p>Vuelve la Bienal Internacional de Cerámica de Marratxí (BICMA)</p>
<p>📆 La inauguración será el 4 de septiembre en Sa Refinadoraa las 19h y contará con 30 obras de artistas internacionales y una muestra de ediciones anteriores.</p>
<p>👩🏼‍🎨 Con esta iniciativa el Ayuntamiento pretende impulsar el talento contemporáneo en el campo de la cerámica a nivel internacional e impulsar la creación, la innovación y la proyección de artistas.</p>
<p>👉🏻 La BICMA representa la calidad, la creatividad y el valor cultural de la cerámica como símbolo de identidad del municipio.</p>

<p>Vuelve la Bienal Internacional de Cerámica de Marratxí (BICMA) 📆 La inauguración será el 4 de septiembre en Sa Refinadoraa las 19h y contará con 30 obras de artistas internacionales y una muestra de ediciones anteriores. 👩🏼‍🎨 Con esta iniciativa&#8230;</p>
