{"id":14815,"date":"2026-03-05T10:32:15","date_gmt":"2026-03-05T08:32:15","guid":{"rendered":"https:\/\/visitmarratxi.es\/?post_type=event&#038;p=14815"},"modified":"2026-03-05T10:32:15","modified_gmt":"2026-03-05T08:32:15","slug":"job-days-2026","status":"publish","type":"event","link":"https:\/\/visitmarratxi.es\/es\/evento\/job-days-2026\/","title":{"rendered":"JOB DAYS 2026"},"content":{"rendered":"<p>\ud83d\udcbc Tornen els Job Days a Marratx\u00ed \ud83d\ude80<\/p>\n<p>\u2728 El 19 de mar\u00e7, de 9 a 15 h, Sa Deixalleria tornar\u00e0 a convertir-se en punt de trobada entre empreses i persones en recerca activa de feina.<\/p>\n<p>\ud83d\udd1d Aquesta edici\u00f3 arriba amb xifres r\u00e8cord: m\u00e9s de 340 llocs de feina, m\u00e9s de 60 perfils professionals diferents i la participaci\u00f3 de 24 empreses de diversos sectors.<\/p>\n<p>\ud83d\udc69\ud83c\udffb\u200d\ud83d\udcbc Durant la jornada, les persones assistents podran participar en diversos processos de selecci\u00f3 en directe.<\/p>\n<p>\u2757 Imprescindible inscripci\u00f3 pr\u00e8via a cada oferta a trav\u00e9s de \ud83d\udc49\u00a0 jobdays.marratxi.es\/ofertes\/ fins al 10 de mar\u00e7.<\/p>\n<p>Una iniciativa que refor\u00e7a el comprom\u00eds de l\u2019Ajuntament amb la creaci\u00f3 d\u2019ocupaci\u00f3 i l\u2019impuls del desenvolupament econ\u00f2mic del municipi.<\/p>\n","protected":false},"excerpt":{"rendered":"<p>\ud83d\udcbc Tornen els Job Days a Marratx\u00ed \ud83d\ude80 \u2728 El 19 de mar\u00e7, de 9 a 15 h, Sa Deixalleria tornar\u00e0 a convertir-se en punt de trobada entre empreses i persones en recerca activa de feina. \ud83d\udd1d Aquesta edici\u00f3 arriba&#8230;<\/p>\n","protected":false},"author":6,"featured_media":14816,"comment_status":"open","ping_status":"closed","template":"","meta":{"footnotes":""},"eventcat":[],"organizer":[],"event_tags":[],"location":[858],"class_list":["post-14815","event","type-event","status-publish","has-post-thumbnail","hentry","location-sa-deixalleria-es"],"_links":{"self":[{"href":"https:\/\/visitmarratxi.es\/es\/wp-json\/wp\/v2\/event\/14815","targetHints":{"allow":["GET"]}}],"collection":[{"href":"https:\/\/visitmarratxi.es\/es\/wp-json\/wp\/v2\/event"}],"about":[{"href":"https:\/\/visitmarratxi.es\/es\/wp-json\/wp\/v2\/types\/event"}],"author":[{"embeddable":true,"href":"https:\/\/visitmarratxi.es\/es\/wp-json\/wp\/v2\/users\/6"}],"replies":[{"embeddable":true,"href":"https:\/\/visitmarratxi.es\/es\/wp-json\/wp\/v2\/comments?post=14815"}],"version-history":[{"count":1,"href":"https:\/\/visitmarratxi.es\/es\/wp-json\/wp\/v2\/event\/14815\/revisions"}],"predecessor-version":[{"id":14821,"href":"https:\/\/visitmarratxi.es\/es\/wp-json\/wp\/v2\/event\/14815\/revisions\/14821"}],"wp:featuredmedia":[{"embeddable":true,"href":"https:\/\/visitmarratxi.es\/es\/wp-json\/wp\/v2\/media\/14816"}],"wp:attachment":[{"href":"https:\/\/visitmarratxi.es\/es\/wp-json\/wp\/v2\/media?parent=14815"}],"wp:term":[{"taxonomy":"eventcat","embeddable":true,"href":"https:\/\/visitmarratxi.es\/es\/wp-json\/wp\/v2\/eventcat?post=14815"},{"taxonomy":"organizer","embeddable":true,"href":"https:\/\/visitmarratxi.es\/es\/wp-json\/wp\/v2\/organizer?post=14815"},{"taxonomy":"event_tags","embeddable":true,"href":"https:\/\/visitmarratxi.es\/es\/wp-json\/wp\/v2\/event_tags?post=14815"},{"taxonomy":"location","embeddable":true,"href":"https:\/\/visitmarratxi.es\/es\/wp-json\/wp\/v2\/location?post=14815"}],"curies":[{"name":"wp","href":"https:\/\/api.w.org\/{rel}","templated":true}]}}

<p>💼 Tornen els Job Days a Marratxí 🚀</p>
<p>✨ El 19 de març, de 9 a 15 h, Sa Deixalleria tornarà a convertir-se en punt de trobada entre empreses i persones en recerca activa de feina.</p>
<p>🔝 Aquesta edició arriba amb xifres rècord: més de 340 llocs de feina, més de 60 perfils professionals diferents i la participació de 24 empreses de diversos sectors.</p>
<p>👩🏻‍💼 Durant la jornada, les persones assistents podran participar en diversos processos de selecció en directe.</p>
<p>❗ Imprescindible inscripció prèvia a cada oferta a través de 👉  jobdays.marratxi.es/ofertes/ fins al 10 de març.</p>
<p>Una iniciativa que reforça el compromís de l’Ajuntament amb la creació d’ocupació i l’impuls del desenvolupament econòmic del municipi.</p>

<p>💼 Tornen els Job Days a Marratxí 🚀 ✨ El 19 de març, de 9 a 15 h, Sa Deixalleria tornarà a convertir-se en punt de trobada entre empreses i persones en recerca activa de feina. 🔝 Aquesta edició arriba&#8230;</p>
