{"id":5994,"date":"2022-07-22T10:44:10","date_gmt":"2022-07-22T08:44:10","guid":{"rendered":"https:\/\/marratxiesviu.es\/?post_type=event&#038;p=5994"},"modified":"2022-07-22T11:05:26","modified_gmt":"2022-07-22T09:05:26","slug":"mercat-nocturn-destiu","status":"publish","type":"event","link":"https:\/\/visitmarratxi.es\/es\/evento\/mercat-nocturn-destiu\/","title":{"rendered":"Mercat Nocturn d&#8217;Estiu"},"content":{"rendered":"<p>\ud83d\udcc6 <strong>28 de julio<\/strong><\/p><p>\ud83d\udccd <strong>Esplanada de Sant Mar\u00e7al &#8211; De 20h a 24h<\/strong><\/p><p>Encontrar\u00e0s: Fang Tapa, Artesan\u00eda, Cer\u00e1mica, Swing y m\u00fasica en directo.<\/p><p>\ud83d\udd0a Taller de Lindy Hop a cargo de la asociaci\u00f3n Sa Cotxeria Club Social de Swing y Actuaci\u00f3n de la banda     S&#8217;Escat Swingin&#8217;+DJ<\/p><p>\u267b\ufe0f Producto Local y km0<\/p><div class=\"wp-block-image\"><figure class=\"aligncenter size-large is-resized\"><img loading=\"lazy\" decoding=\"async\" src=\"https:\/\/visitmarratxi.es\/wp-content\/uploads\/2022\/07\/07b7c90e-9788-4471-9076-f563d78a27ce-576x1024.jpg\" alt=\"\" class=\"wp-image-5999\" width=\"288\" height=\"512\" srcset=\"https:\/\/visitmarratxi.es\/wp-content\/uploads\/2022\/07\/07b7c90e-9788-4471-9076-f563d78a27ce-576x1024.jpg 576w, https:\/\/visitmarratxi.es\/wp-content\/uploads\/2022\/07\/07b7c90e-9788-4471-9076-f563d78a27ce-169x300.jpg 169w, https:\/\/visitmarratxi.es\/wp-content\/uploads\/2022\/07\/07b7c90e-9788-4471-9076-f563d78a27ce-768x1365.jpg 768w, https:\/\/visitmarratxi.es\/wp-content\/uploads\/2022\/07\/07b7c90e-9788-4471-9076-f563d78a27ce-864x1536.jpg 864w, https:\/\/visitmarratxi.es\/wp-content\/uploads\/2022\/07\/07b7c90e-9788-4471-9076-f563d78a27ce-600x1067.jpg 600w, https:\/\/visitmarratxi.es\/wp-content\/uploads\/2022\/07\/07b7c90e-9788-4471-9076-f563d78a27ce.jpg 900w\" sizes=\"auto, (max-width: 288px) 100vw, 288px\" \/><\/figure><\/div>","protected":false},"excerpt":{"rendered":"<p>\ud83d\udcc6 28 de julio \ud83d\udccd Esplanada de Sant Mar\u00e7al &#8211; De 20h a 24h Encontrar\u00e0s: Fang Tapa, Artesan\u00eda, Cer\u00e1mica, Swing y m\u00fasica en directo. \ud83d\udd0a Taller de Lindy Hop a cargo de la asociaci\u00f3n Sa Cotxeria Club Social de Swing&#8230;<\/p>\n","protected":false},"author":6,"featured_media":5995,"comment_status":"open","ping_status":"closed","template":"","meta":{"footnotes":""},"eventcat":[294,296,562,301],"organizer":[],"event_tags":[],"location":[363],"class_list":["post-5994","event","type-event","status-publish","has-post-thumbnail","hentry","eventcat-ceramica-es","eventcat-concierto","eventcat-gastronomia-es","eventcat-mercadillo","location-esplanada-sant-marcal-2"],"_links":{"self":[{"href":"https:\/\/visitmarratxi.es\/es\/wp-json\/wp\/v2\/event\/5994","targetHints":{"allow":["GET"]}}],"collection":[{"href":"https:\/\/visitmarratxi.es\/es\/wp-json\/wp\/v2\/event"}],"about":[{"href":"https:\/\/visitmarratxi.es\/es\/wp-json\/wp\/v2\/types\/event"}],"author":[{"embeddable":true,"href":"https:\/\/visitmarratxi.es\/es\/wp-json\/wp\/v2\/users\/6"}],"replies":[{"embeddable":true,"href":"https:\/\/visitmarratxi.es\/es\/wp-json\/wp\/v2\/comments?post=5994"}],"version-history":[{"count":3,"href":"https:\/\/visitmarratxi.es\/es\/wp-json\/wp\/v2\/event\/5994\/revisions"}],"predecessor-version":[{"id":6004,"href":"https:\/\/visitmarratxi.es\/es\/wp-json\/wp\/v2\/event\/5994\/revisions\/6004"}],"wp:featuredmedia":[{"embeddable":true,"href":"https:\/\/visitmarratxi.es\/es\/wp-json\/wp\/v2\/media\/5995"}],"wp:attachment":[{"href":"https:\/\/visitmarratxi.es\/es\/wp-json\/wp\/v2\/media?parent=5994"}],"wp:term":[{"taxonomy":"eventcat","embeddable":true,"href":"https:\/\/visitmarratxi.es\/es\/wp-json\/wp\/v2\/eventcat?post=5994"},{"taxonomy":"organizer","embeddable":true,"href":"https:\/\/visitmarratxi.es\/es\/wp-json\/wp\/v2\/organizer?post=5994"},{"taxonomy":"event_tags","embeddable":true,"href":"https:\/\/visitmarratxi.es\/es\/wp-json\/wp\/v2\/event_tags?post=5994"},{"taxonomy":"location","embeddable":true,"href":"https:\/\/visitmarratxi.es\/es\/wp-json\/wp\/v2\/location?post=5994"}],"curies":[{"name":"wp","href":"https:\/\/api.w.org\/{rel}","templated":true}]}}

<p>📆 <strong>28 de julio</strong></p><p>📍 <strong>Esplanada de Sant Marçal &#8211; De 20h a 24h</strong></p><p>Encontraràs: Fang Tapa, Artesanía, Cerámica, Swing y música en directo.</p><p>🔊 Taller de Lindy Hop a cargo de la asociación Sa Cotxeria Club Social de Swing y Actuación de la banda     S&#8217;Escat Swingin&#8217;+DJ</p><p>♻️ Producto Local y km0</p><div class="wp-block-image"><figure class="aligncenter size-large is-resized"><img loading="lazy" decoding="async" src="https://visitmarratxi.es/wp-content/uploads/2022/07/07b7c90e-9788-4471-9076-f563d78a27ce-576x1024.jpg" alt="" class="wp-image-5999" width="288" height="512" srcset="https://visitmarratxi.es/wp-content/uploads/2022/07/07b7c90e-9788-4471-9076-f563d78a27ce-576x1024.jpg 576w, https://visitmarratxi.es/wp-content/uploads/2022/07/07b7c90e-9788-4471-9076-f563d78a27ce-169x300.jpg 169w, https://visitmarratxi.es/wp-content/uploads/2022/07/07b7c90e-9788-4471-9076-f563d78a27ce-768x1365.jpg 768w, https://visitmarratxi.es/wp-content/uploads/2022/07/07b7c90e-9788-4471-9076-f563d78a27ce-864x1536.jpg 864w, https://visitmarratxi.es/wp-content/uploads/2022/07/07b7c90e-9788-4471-9076-f563d78a27ce-600x1067.jpg 600w, https://visitmarratxi.es/wp-content/uploads/2022/07/07b7c90e-9788-4471-9076-f563d78a27ce.jpg 900w" sizes="auto, (max-width: 288px) 100vw, 288px" /></figure></div>

<p>📆 28 de julio 📍 Esplanada de Sant Marçal &#8211; De 20h a 24h Encontraràs: Fang Tapa, Artesanía, Cerámica, Swing y música en directo. 🔊 Taller de Lindy Hop a cargo de la asociación Sa Cotxeria Club Social de Swing&#8230;</p>
