{"id":6031,"date":"2022-07-26T11:26:52","date_gmt":"2022-07-26T09:26:52","guid":{"rendered":"https:\/\/marratxiesviu.es\/?post_type=event&#038;p=6031"},"modified":"2022-07-26T11:53:44","modified_gmt":"2022-07-26T09:53:44","slug":"cabron-wow-happy-days","status":"publish","type":"event","link":"https:\/\/visitmarratxi.es\/es\/evento\/cabron-wow-happy-days\/","title":{"rendered":"Cabr\u00f3n &#8211; Wow Happy Days"},"content":{"rendered":"<p>CABR\u00d3N es una banda de Mallorca con un estilo similar al funky, swing, rock y a la rumba de garaje, las letras de las cu\u00e1les se mueven entre la s\u00e1tira, la comedia y la irreverencia poseyendo un directo potente y muy personal.<\/p><p>\ud83d\udcc6\u00a025\/08<\/p><p>\ud83d\udccd \u00a0Pla\u00e7a de Can Flor, P\u00f2rtol<\/p><p>Concierto gratuito<\/p>","protected":false},"excerpt":{"rendered":"<p>CABR\u00d3N es una banda de Mallorca con un estilo similar al funky, swing, rock y a la rumba de garaje, las letras de las cu\u00e1les se mueven entre la s\u00e1tira, la comedia y la irreverencia poseyendo un directo potente y&#8230;<\/p>\n","protected":false},"author":6,"featured_media":6025,"comment_status":"open","ping_status":"closed","template":"","meta":{"footnotes":""},"eventcat":[296],"organizer":[],"event_tags":[],"location":[315],"class_list":["post-6031","event","type-event","status-publish","has-post-thumbnail","hentry","eventcat-concierto","location-placa-de-can-flor-portol-2"],"_links":{"self":[{"href":"https:\/\/visitmarratxi.es\/es\/wp-json\/wp\/v2\/event\/6031","targetHints":{"allow":["GET"]}}],"collection":[{"href":"https:\/\/visitmarratxi.es\/es\/wp-json\/wp\/v2\/event"}],"about":[{"href":"https:\/\/visitmarratxi.es\/es\/wp-json\/wp\/v2\/types\/event"}],"author":[{"embeddable":true,"href":"https:\/\/visitmarratxi.es\/es\/wp-json\/wp\/v2\/users\/6"}],"replies":[{"embeddable":true,"href":"https:\/\/visitmarratxi.es\/es\/wp-json\/wp\/v2\/comments?post=6031"}],"version-history":[{"count":1,"href":"https:\/\/visitmarratxi.es\/es\/wp-json\/wp\/v2\/event\/6031\/revisions"}],"predecessor-version":[{"id":6032,"href":"https:\/\/visitmarratxi.es\/es\/wp-json\/wp\/v2\/event\/6031\/revisions\/6032"}],"wp:featuredmedia":[{"embeddable":true,"href":"https:\/\/visitmarratxi.es\/es\/wp-json\/wp\/v2\/media\/6025"}],"wp:attachment":[{"href":"https:\/\/visitmarratxi.es\/es\/wp-json\/wp\/v2\/media?parent=6031"}],"wp:term":[{"taxonomy":"eventcat","embeddable":true,"href":"https:\/\/visitmarratxi.es\/es\/wp-json\/wp\/v2\/eventcat?post=6031"},{"taxonomy":"organizer","embeddable":true,"href":"https:\/\/visitmarratxi.es\/es\/wp-json\/wp\/v2\/organizer?post=6031"},{"taxonomy":"event_tags","embeddable":true,"href":"https:\/\/visitmarratxi.es\/es\/wp-json\/wp\/v2\/event_tags?post=6031"},{"taxonomy":"location","embeddable":true,"href":"https:\/\/visitmarratxi.es\/es\/wp-json\/wp\/v2\/location?post=6031"}],"curies":[{"name":"wp","href":"https:\/\/api.w.org\/{rel}","templated":true}]}}

Cabrón &#8211; Wow Happy Days

<p>CABRÓN es una banda de Mallorca con un estilo similar al funky, swing, rock y a la rumba de garaje, las letras de las cuáles se mueven entre la sátira, la comedia y la irreverencia poseyendo un directo potente y muy personal.</p><p>📆 25/08</p><p>📍  Plaça de Can Flor, Pòrtol</p><p>Concierto gratuito</p>

<p>CABRÓN es una banda de Mallorca con un estilo similar al funky, swing, rock y a la rumba de garaje, las letras de las cuáles se mueven entre la sátira, la comedia y la irreverencia poseyendo un directo potente y&#8230;</p>
