{"id":6203,"date":"2022-08-29T14:16:47","date_gmt":"2022-08-29T12:16:47","guid":{"rendered":"https:\/\/marratxiesviu.es\/?post_type=event&#038;p=6203"},"modified":"2022-08-29T14:22:37","modified_gmt":"2022-08-29T12:22:37","slug":"contacontes-una-bogeria-de-conte-magrana-petit-fest","status":"publish","type":"event","link":"https:\/\/visitmarratxi.es\/es\/evento\/contacontes-una-bogeria-de-conte-magrana-petit-fest\/","title":{"rendered":"Contacontes \u2013 Una bogeria de conte \u2013 Magrana Petit Fest"},"content":{"rendered":"<p>\ud83d\udcda UNA BOGERIA DE CONTE UN CONTACONTES QUE MAI NO ACABA<br>Aitor P\u00e9rez i Joan Guasp<\/p><p>Una pieza pensada para re\u00edr profundamente y desconectar unos momentos. Un narrador tiene la intenci\u00f3n de contar el cuento de La caperucita roja, pero por caprichos del destino nunca llegar\u00e1 a poder contar el cuento por el que ha sido gritado.<\/p><p>\ud83d\udc67\ud83c\udffb\ud83d\udc66\ud83c\udffd\ud83e\uddd2\ud83c\udffctodos los p\u00fablicos<\/p><p>\ud83d\udccdCa Ses Monges, Es Pla de Na Tesa<\/p><p> \ud83d\udd5419h<\/p><div class=\"wp-block-buttons is-content-justification-center is-layout-flex wp-container-core-buttons-is-layout-16018d1d wp-block-buttons-is-layout-flex\"><div class=\"wp-block-button\"><a class=\"wp-block-button__link\" href=\"https:\/\/marratxi.es\/magrana-petit-fest-2?lang=es\" target=\"_blank\" rel=\"noreferrer noopener\">M\u00e1 info<\/a><\/div><\/div>","protected":false},"excerpt":{"rendered":"<p>\ud83d\udcda UNA BOGERIA DE CONTE UN CONTACONTES QUE MAI NO ACABAAitor P\u00e9rez i Joan Guasp Una pieza pensada para re\u00edr profundamente y desconectar unos momentos. Un narrador tiene la intenci\u00f3n de contar el cuento de La caperucita roja, pero por&#8230;<\/p>\n","protected":false},"author":6,"featured_media":6200,"comment_status":"open","ping_status":"closed","template":"","meta":{"footnotes":""},"eventcat":[557],"organizer":[],"event_tags":[],"location":[347],"class_list":["post-6203","event","type-event","status-publish","has-post-thumbnail","hentry","eventcat-literatura-es","location-ca-ses-monges-pla-de-na-tesa-c-germanes-agustines-5-2"],"_links":{"self":[{"href":"https:\/\/visitmarratxi.es\/es\/wp-json\/wp\/v2\/event\/6203","targetHints":{"allow":["GET"]}}],"collection":[{"href":"https:\/\/visitmarratxi.es\/es\/wp-json\/wp\/v2\/event"}],"about":[{"href":"https:\/\/visitmarratxi.es\/es\/wp-json\/wp\/v2\/types\/event"}],"author":[{"embeddable":true,"href":"https:\/\/visitmarratxi.es\/es\/wp-json\/wp\/v2\/users\/6"}],"replies":[{"embeddable":true,"href":"https:\/\/visitmarratxi.es\/es\/wp-json\/wp\/v2\/comments?post=6203"}],"version-history":[{"count":1,"href":"https:\/\/visitmarratxi.es\/es\/wp-json\/wp\/v2\/event\/6203\/revisions"}],"predecessor-version":[{"id":6204,"href":"https:\/\/visitmarratxi.es\/es\/wp-json\/wp\/v2\/event\/6203\/revisions\/6204"}],"wp:featuredmedia":[{"embeddable":true,"href":"https:\/\/visitmarratxi.es\/es\/wp-json\/wp\/v2\/media\/6200"}],"wp:attachment":[{"href":"https:\/\/visitmarratxi.es\/es\/wp-json\/wp\/v2\/media?parent=6203"}],"wp:term":[{"taxonomy":"eventcat","embeddable":true,"href":"https:\/\/visitmarratxi.es\/es\/wp-json\/wp\/v2\/eventcat?post=6203"},{"taxonomy":"organizer","embeddable":true,"href":"https:\/\/visitmarratxi.es\/es\/wp-json\/wp\/v2\/organizer?post=6203"},{"taxonomy":"event_tags","embeddable":true,"href":"https:\/\/visitmarratxi.es\/es\/wp-json\/wp\/v2\/event_tags?post=6203"},{"taxonomy":"location","embeddable":true,"href":"https:\/\/visitmarratxi.es\/es\/wp-json\/wp\/v2\/location?post=6203"}],"curies":[{"name":"wp","href":"https:\/\/api.w.org\/{rel}","templated":true}]}}

<p>📚 UNA BOGERIA DE CONTE UN CONTACONTES QUE MAI NO ACABA<br>Aitor Pérez i Joan Guasp</p><p>Una pieza pensada para reír profundamente y desconectar unos momentos. Un narrador tiene la intención de contar el cuento de La caperucita roja, pero por caprichos del destino nunca llegará a poder contar el cuento por el que ha sido gritado.</p><p>👧🏻👦🏽🧒🏼todos los públicos</p><p>📍Ca Ses Monges, Es Pla de Na Tesa</p><p> 🕔19h</p><div class="wp-block-buttons is-content-justification-center is-layout-flex wp-container-core-buttons-is-layout-16018d1d wp-block-buttons-is-layout-flex"><div class="wp-block-button"><a class="wp-block-button__link" href="https://marratxi.es/magrana-petit-fest-2?lang=es" target="_blank" rel="noreferrer noopener">Má info</a></div></div>

<p>📚 UNA BOGERIA DE CONTE UN CONTACONTES QUE MAI NO ACABAAitor Pérez i Joan Guasp Una pieza pensada para reír profundamente y desconectar unos momentos. Un narrador tiene la intención de contar el cuento de La caperucita roja, pero por&#8230;</p>
