{"id":6692,"date":"2022-11-03T11:35:23","date_gmt":"2022-11-03T09:35:23","guid":{"rendered":"https:\/\/marratxiesviu.es\/?post_type=event&#038;p=6692"},"modified":"2022-11-03T11:38:31","modified_gmt":"2022-11-03T09:38:31","slug":"mel-i-sucre-magrana-tardor-fest","status":"publish","type":"event","link":"https:\/\/visitmarratxi.es\/es\/evento\/mel-i-sucre-magrana-tardor-fest\/","title":{"rendered":"Mel i Sucre &#8211; Magrana Tardor Fest"},"content":{"rendered":"<p>www.melisucremusica.com<\/p><p>Son un grupo mallorqu\u00edn de m\u00fasica y animaci\u00f3n para grandes y peque\u00f1os. Sus canciones est\u00e1n hechas con una mirada consciente hacia la vida y hacia los ni\u00f1os, y con ellas promovemos mensajes positivos, de amor y de respeto. Son todas de autor\u00eda propia y las auto-producen tanto en el estudio como en los directos. Durante todos nuestros conciertos ofrecen animaci\u00f3n familiar; para cada canci\u00f3n una danza o un juego, a veces con el apoyo de diferentes materiales como telas, aros, cuerdas\u2026 y escenograf\u00edas artesanales. La magia que se crea nos invita a viajar juntos durante un rato, en un mundo de m\u00fasica, ilusi\u00f3n y alegr\u00eda, donde todo es posible y todo el mundo tiene cabida.<\/p>","protected":false},"excerpt":{"rendered":"<p>www.melisucremusica.com Son un grupo mallorqu\u00edn de m\u00fasica y animaci\u00f3n para grandes y peque\u00f1os. Sus canciones est\u00e1n hechas con una mirada consciente hacia la vida y hacia los ni\u00f1os, y con ellas promovemos mensajes positivos, de amor y de respeto. Son&#8230;<\/p>\n","protected":false},"author":6,"featured_media":6676,"comment_status":"open","ping_status":"closed","template":"","meta":{"footnotes":""},"eventcat":[303,296,292],"organizer":[],"event_tags":[],"location":[363],"class_list":["post-6692","event","type-event","status-publish","has-post-thumbnail","hentry","eventcat-actividades","eventcat-concierto","eventcat-feria","location-esplanada-sant-marcal-2"],"_links":{"self":[{"href":"https:\/\/visitmarratxi.es\/es\/wp-json\/wp\/v2\/event\/6692","targetHints":{"allow":["GET"]}}],"collection":[{"href":"https:\/\/visitmarratxi.es\/es\/wp-json\/wp\/v2\/event"}],"about":[{"href":"https:\/\/visitmarratxi.es\/es\/wp-json\/wp\/v2\/types\/event"}],"author":[{"embeddable":true,"href":"https:\/\/visitmarratxi.es\/es\/wp-json\/wp\/v2\/users\/6"}],"replies":[{"embeddable":true,"href":"https:\/\/visitmarratxi.es\/es\/wp-json\/wp\/v2\/comments?post=6692"}],"version-history":[{"count":1,"href":"https:\/\/visitmarratxi.es\/es\/wp-json\/wp\/v2\/event\/6692\/revisions"}],"predecessor-version":[{"id":6693,"href":"https:\/\/visitmarratxi.es\/es\/wp-json\/wp\/v2\/event\/6692\/revisions\/6693"}],"wp:featuredmedia":[{"embeddable":true,"href":"https:\/\/visitmarratxi.es\/es\/wp-json\/wp\/v2\/media\/6676"}],"wp:attachment":[{"href":"https:\/\/visitmarratxi.es\/es\/wp-json\/wp\/v2\/media?parent=6692"}],"wp:term":[{"taxonomy":"eventcat","embeddable":true,"href":"https:\/\/visitmarratxi.es\/es\/wp-json\/wp\/v2\/eventcat?post=6692"},{"taxonomy":"organizer","embeddable":true,"href":"https:\/\/visitmarratxi.es\/es\/wp-json\/wp\/v2\/organizer?post=6692"},{"taxonomy":"event_tags","embeddable":true,"href":"https:\/\/visitmarratxi.es\/es\/wp-json\/wp\/v2\/event_tags?post=6692"},{"taxonomy":"location","embeddable":true,"href":"https:\/\/visitmarratxi.es\/es\/wp-json\/wp\/v2\/location?post=6692"}],"curies":[{"name":"wp","href":"https:\/\/api.w.org\/{rel}","templated":true}]}}

<p>www.melisucremusica.com</p><p>Son un grupo mallorquín de música y animación para grandes y pequeños. Sus canciones están hechas con una mirada consciente hacia la vida y hacia los niños, y con ellas promovemos mensajes positivos, de amor y de respeto. Son todas de autoría propia y las auto-producen tanto en el estudio como en los directos. Durante todos nuestros conciertos ofrecen animación familiar; para cada canción una danza o un juego, a veces con el apoyo de diferentes materiales como telas, aros, cuerdas… y escenografías artesanales. La magia que se crea nos invita a viajar juntos durante un rato, en un mundo de música, ilusión y alegría, donde todo es posible y todo el mundo tiene cabida.</p>

<p>www.melisucremusica.com Son un grupo mallorquín de música y animación para grandes y pequeños. Sus canciones están hechas con una mirada consciente hacia la vida y hacia los niños, y con ellas promovemos mensajes positivos, de amor y de respeto. Son&#8230;</p>
