{"id":6760,"date":"2022-11-09T18:42:36","date_gmt":"2022-11-09T16:42:36","guid":{"rendered":"https:\/\/marratxiesviu.es\/?post_type=event&#038;p=6760"},"modified":"2022-11-10T11:18:07","modified_gmt":"2022-11-10T09:18:07","slug":"23n-taller-adolescensex","status":"publish","type":"event","link":"https:\/\/visitmarratxi.es\/es\/evento\/23n-taller-adolescensex\/","title":{"rendered":"23N Taller \u201cAdolescensex\u201d"},"content":{"rendered":"<p>Este taller pretende provocar reflexi\u00f3n respecto a la falta de educaci\u00f3n sexual y de c\u00f3mo esto lleva a la juventud a consumir im\u00e1genes de alto contenido sexual en la pornograf\u00eda o&nbsp;mainstream.<\/p><p>El objetivo es revisar y revelar referentes, creencias, mitos y estereotipos que nos dirigen hacia pr\u00e1cticas y modelos r\u00edgidos y pocos realistas de relaci\u00f3n&nbsp;afectivosexual.<\/p><ul class=\"wp-block-list\"><li>23 de noviembre, a las 17 h<\/li>\n\n<li>CC Es Liceu<\/li><\/ul><div class=\"wp-block-buttons is-content-justification-center is-layout-flex wp-container-core-buttons-is-layout-16018d1d wp-block-buttons-is-layout-flex\"><div class=\"wp-block-button\"><a class=\"wp-block-button__link wp-element-button\" href=\"\" target=\"_blank\" rel=\"noreferrer noopener\">RESERVA<\/a><\/div><\/div>","protected":false},"excerpt":{"rendered":"<p>Este taller pretende provocar reflexi\u00f3n respecto a la falta de educaci\u00f3n sexual y de c\u00f3mo esto lleva a la juventud a consumir im\u00e1genes de alto contenido sexual en la pornograf\u00eda o&nbsp;mainstream. El objetivo es revisar y revelar referentes, creencias, mitos&#8230;<\/p>\n","protected":false},"author":6,"featured_media":6729,"comment_status":"open","ping_status":"closed","template":"","meta":{"footnotes":""},"eventcat":[302],"organizer":[],"event_tags":[],"location":[],"class_list":["post-6760","event","type-event","status-publish","has-post-thumbnail","hentry","eventcat-taller-es"],"_links":{"self":[{"href":"https:\/\/visitmarratxi.es\/es\/wp-json\/wp\/v2\/event\/6760","targetHints":{"allow":["GET"]}}],"collection":[{"href":"https:\/\/visitmarratxi.es\/es\/wp-json\/wp\/v2\/event"}],"about":[{"href":"https:\/\/visitmarratxi.es\/es\/wp-json\/wp\/v2\/types\/event"}],"author":[{"embeddable":true,"href":"https:\/\/visitmarratxi.es\/es\/wp-json\/wp\/v2\/users\/6"}],"replies":[{"embeddable":true,"href":"https:\/\/visitmarratxi.es\/es\/wp-json\/wp\/v2\/comments?post=6760"}],"version-history":[{"count":1,"href":"https:\/\/visitmarratxi.es\/es\/wp-json\/wp\/v2\/event\/6760\/revisions"}],"predecessor-version":[{"id":6761,"href":"https:\/\/visitmarratxi.es\/es\/wp-json\/wp\/v2\/event\/6760\/revisions\/6761"}],"wp:featuredmedia":[{"embeddable":true,"href":"https:\/\/visitmarratxi.es\/es\/wp-json\/wp\/v2\/media\/6729"}],"wp:attachment":[{"href":"https:\/\/visitmarratxi.es\/es\/wp-json\/wp\/v2\/media?parent=6760"}],"wp:term":[{"taxonomy":"eventcat","embeddable":true,"href":"https:\/\/visitmarratxi.es\/es\/wp-json\/wp\/v2\/eventcat?post=6760"},{"taxonomy":"organizer","embeddable":true,"href":"https:\/\/visitmarratxi.es\/es\/wp-json\/wp\/v2\/organizer?post=6760"},{"taxonomy":"event_tags","embeddable":true,"href":"https:\/\/visitmarratxi.es\/es\/wp-json\/wp\/v2\/event_tags?post=6760"},{"taxonomy":"location","embeddable":true,"href":"https:\/\/visitmarratxi.es\/es\/wp-json\/wp\/v2\/location?post=6760"}],"curies":[{"name":"wp","href":"https:\/\/api.w.org\/{rel}","templated":true}]}}

<p>Este taller pretende provocar reflexión respecto a la falta de educación sexual y de cómo esto lleva a la juventud a consumir imágenes de alto contenido sexual en la pornografía o&nbsp;mainstream.</p><p>El objetivo es revisar y revelar referentes, creencias, mitos y estereotipos que nos dirigen hacia prácticas y modelos rígidos y pocos realistas de relación&nbsp;afectivosexual.</p><ul class="wp-block-list"><li>23 de noviembre, a las 17 h</li>

<li>CC Es Liceu</li></ul><div class="wp-block-buttons is-content-justification-center is-layout-flex wp-container-core-buttons-is-layout-16018d1d wp-block-buttons-is-layout-flex"><div class="wp-block-button"><a class="wp-block-button__link wp-element-button" href="" target="_blank" rel="noreferrer noopener">RESERVA</a></div></div>

<p>Este taller pretende provocar reflexión respecto a la falta de educación sexual y de cómo esto lleva a la juventud a consumir imágenes de alto contenido sexual en la pornografía o&nbsp;mainstream. El objetivo es revisar y revelar referentes, creencias, mitos&#8230;</p>
