{"id":6948,"date":"2022-12-07T20:00:26","date_gmt":"2022-12-07T18:00:26","guid":{"rendered":"https:\/\/marratxiesviu.es\/event\/nadal-del-26-de-desembre-a-l1-de-gener\/"},"modified":"2022-12-14T14:51:54","modified_gmt":"2022-12-14T12:51:54","slug":"nadal-del-26-de-desembre-a-l1-de-gener","status":"publish","type":"event","link":"https:\/\/visitmarratxi.es\/es\/evento\/nadal-del-26-de-desembre-a-l1-de-gener\/","title":{"rendered":"Nadal: del 26 de desembre a l&#8217;1 de gener"},"content":{"rendered":"<h2 class=\"wp-block-heading\"><strong>26 de desembre<\/strong><\/h2><p><strong>De 10 a 14 h.Ludoteca M\u00f2bil<\/strong><\/p><p>Es Campet, Sa Cabaneta. <\/p><p>Amb racons de circ i habilitats, arena m\u00e0gina, peces gegants, jocs comunitaris i molt m\u00e9s!<\/p><p><strong>18 h. Quines<\/strong><\/p><p>Carpa Can Flor, P\u00f2rtol. <\/p><p>Xocolata desfeta i coques.<\/p><p>Organitza: Enfangats P\u00f2rtol.<\/p><h1 class=\"wp-block-heading\"><\/h1><h2 class=\"wp-block-heading\"><strong>27 de desembre<\/strong><\/h2><p><strong>9 h. Recollida de cartes reials i ludoteca de jard\u00ed<\/strong><\/p><p>Pl. Esgl\u00e9sia, es Pla de na Tesa. <\/p><p>Jocs de taula, motricitat, experimentaci\u00f3, construcci\u00f3 i joc simb\u00f2lic.<\/p><p>Organitza: Associaci\u00f3 de Ve\u00efnats Xaloc.<\/p><p><strong>De 8 a 12 h. Conta contes per \u2018Conte Contat\u2019<\/strong><\/p><p>Mercat del Pla de Na Tesa. <\/p><p>Activitats infantils perqu\u00e8 els petits coneguin el mercat.<\/p><p>Organitza: Associaci\u00f3 de ve\u00efnats Xaloc.<\/p><p><strong>De 16 a 20 h. Festa Infantil<\/strong><\/p><p>Pla\u00e7a de Can Farineta, c\/ Antoni Maura, Es Pont d\u2019Inca. <\/p><p>Activitats infantils: un castell inflable, un lloc de cot\u00f3 de sucre i decoraci\u00f3 d\u2019arbre de nadal amb regals.<\/p><p><strong>17 h. Taller Infantil de Nadal<\/strong><\/p><p>Carpa Can Flor, P\u00f2rtol. <\/p><p>Hi haur\u00e0 venda de coques a preus populars a benefici de l\u2019AFA. Fins als 12 anys.<\/p><p>Organitza: Associaci\u00f3 de Fam\u00edlies del Ceip Costa i Llobera.<\/p><p><strong>19.30 h. Ballada Popular amb Engalba<\/strong><\/p><p>Carpa Can Flor, P\u00f2rtol.<\/p><p>Organitza: Engalba.<\/p><p><strong>Del 27 al 29 de desembre. Campament de<\/strong> <strong>Nadal Es Puntet<\/strong><\/p><p>Casa de Col\u00f2nies s\u2019Estanyol. Places limitades: espuntet.org<\/p><p>Organitza: Es Puntet.<\/p><h1 class=\"wp-block-heading\"><\/h1><h2 class=\"wp-block-heading\"><strong>28 de desembre<\/strong><\/h2><p><strong>10 h. I Gran Torneig Escacs P\u00f2rtol<\/strong><\/p><p>Carpa Can Flor, P\u00f2rtol. <\/p><p>Ritme de joc: 7 rondes a 5 minuts i 3 segons. A jugar!<\/p><p>10 h. Categoria Infantil (fins a 12 anys)<\/p><p>11.30 h. Categoria adults (a partir de 13 anys)<\/p><p>Inscripci\u00f3 pr\u00e8via: enfangatsportol@gmail.com.<\/p><p><strong>De 8 a 12 h. Festa Infantil<\/strong><\/p><p>Mercat de Sa Cabana. <\/p><p>Activitats infantils perqu\u00e8 els petits coneguin el mercat.<\/p><p><strong>De 10.30 a 14.30 h. L\u2019illa dels Invents i Jocs Reciclats<\/strong><\/p><p>Carpa de Can Barcel\u00f3, Es Pla de na Tesa.<\/p><p>Espai art\u00edstic de creaci\u00f3 on els nins i nines podran desenvolupar la imaginaci\u00f3 acompanyats per monitors professionals.<\/p><p><strong>De 11 a 12.30 h. Sortida PaintBall<\/strong><\/p><p>Sortida per joves de 12 a 18 anys.<\/p><p>Organitza: Espai Jove.<\/p><p><strong>17 h. Taller de Dansa en fam\u00edlia<\/strong><\/p><p>Carpa Can Flor, P\u00f2rtol.<\/p><p>Organitza: Escuela de Danza.<\/p><h1 class=\"wp-block-heading\"><\/h1><h2 class=\"wp-block-heading\"><strong>29 de desembre<\/strong><\/h2><p><strong>De 10.30 a 12.30 h. Nadal jove a Jungle Park<\/strong><\/p><p>Sortida per joves de 12 a 18 anys. Inscripci\u00f3 pr\u00e8via: nadal.marratxi.es<\/p><p>Organitza: Espai Jove.<\/p><p><strong>17 h. Conta Contes de Nadal<\/strong><\/p><p>Carpa Can Flor, P\u00f2rtol. A c\u00e0rrec d\u2019Ant\u00f2nia Mulet.<\/p><p>Organitza: Associaci\u00f3 de Ve\u00efnats La Pua.<\/p><p><strong>18 h. Taller Infantil de Nadal<\/strong><\/p><p>Carpa Can Flor, P\u00f2rtol. <\/p><p>Portau una camiseta blanca i la decorarem amb un motiu nadalenc. Hi haur\u00e0 venda de coques a preus populars pels infants de 6\u00e8 de prim\u00e0ria del CEIP Costa i Llobera. Edat: fins a 12 anys.<\/p><p>Organitza: Vincles.<\/p><p><strong>De 21 a 23 h. Teatre de barra<\/strong><\/p><p>P\u00f2rtol: Cas Tord, Can Jaume i Caf\u00e8 P\u00f2rtol.<\/p><p>Als tres bars hi trobareu una obra per gaudir, aix\u00ed que toca fer ruta i veure\u2019ls tots!<\/p><p>Organitza: Enfangats i AVV La Pua.<\/p><h1 class=\"wp-block-heading\"><\/h1><h2 class=\"wp-block-heading\"><strong>30 de desembre<\/strong><\/h2><p><strong>De 8 a 12 h.&nbsp;Festa Infantil<\/strong><\/p><p>Mercat d\u2019Es Pont d\u2019Inca. Ludoteca.<\/p><p>Activitats infantils perqu\u00e8 els petits coneguin el mercat.<\/p><p><strong>16 h. Festa infantil<\/strong><\/p><p>Poliesportiu d\u2019Es Figueral.<\/p><p>Organitza: AVV Boreal.<\/p><p><strong>17 h. Taller de cuina<\/strong><\/p><p>Carpa de la Pla\u00e7a de Can Barcel\u00f3, Es Pla de na Tesa.<\/p><p>Organitza: Espai Jove<\/p><p><strong>17 h. Conte Contat a P\u00f2rtol<\/strong><\/p><p>Carpa Can Flor, P\u00f2rtol. <\/p><p>No vos perdeu Conte contat a P\u00f2rtol, Aida i Nabil ens contaran un \u201cConte de Nadal\u201d.<\/p><p>Organitza: Associaci\u00f3 de Ve\u00efnats La P\u00faa.<\/p><p><strong>22 h. Campanades dolces<\/strong><\/p><p>Carpa Can Flor, P\u00f2rtol. <\/p><p>Veniu a despedir-vos de l\u2019any 2022. Organitza: Enfangats P\u00f2rtol.<\/p><h1 class=\"wp-block-heading\"><\/h1><h2 class=\"wp-block-heading\"><strong>31 de desembre<\/strong><\/h2><p><strong>11 h. Contacontes<\/strong><\/p><p>Local Associaci\u00f3 Ve\u00efns, Cas Capit\u00e0.<\/p><p><strong>De 18 a 21 h. Festa Jove Cap d\u2019Any<\/strong><\/p><p>Espai Jove P\u00f2rtol. Per joves a partir de 12 anys.<\/p><p>Organitza: Espai Jove.<\/p><p><strong>01 h. Festa de Cap d\u2019Any<\/strong><\/p><p>Carpa de la Pla\u00e7a de Can Barcel\u00f3, Es Pla de na Tesa. M\u00fasica i DJs<\/p><p>Organitza: Pla \u2018D\u2019 Festa.<\/p>","protected":false},"excerpt":{"rendered":"<p>26 de desembre De 10 a 14 h.Ludoteca M\u00f2bil Es Campet, Sa Cabaneta. Amb racons de circ i habilitats, arena m\u00e0gina, peces gegants, jocs comunitaris i molt m\u00e9s! 18 h. Quines Carpa Can Flor, P\u00f2rtol. Xocolata desfeta i coques. Organitza:&#8230;<\/p>\n","protected":false},"author":6,"featured_media":6909,"comment_status":"open","ping_status":"closed","template":"","meta":{"footnotes":""},"eventcat":[303],"organizer":[],"event_tags":[],"location":[],"class_list":["post-6948","event","type-event","status-publish","has-post-thumbnail","hentry","eventcat-actividades"],"_links":{"self":[{"href":"https:\/\/visitmarratxi.es\/es\/wp-json\/wp\/v2\/event\/6948","targetHints":{"allow":["GET"]}}],"collection":[{"href":"https:\/\/visitmarratxi.es\/es\/wp-json\/wp\/v2\/event"}],"about":[{"href":"https:\/\/visitmarratxi.es\/es\/wp-json\/wp\/v2\/types\/event"}],"author":[{"embeddable":true,"href":"https:\/\/visitmarratxi.es\/es\/wp-json\/wp\/v2\/users\/6"}],"replies":[{"embeddable":true,"href":"https:\/\/visitmarratxi.es\/es\/wp-json\/wp\/v2\/comments?post=6948"}],"version-history":[{"count":1,"href":"https:\/\/visitmarratxi.es\/es\/wp-json\/wp\/v2\/event\/6948\/revisions"}],"predecessor-version":[{"id":6949,"href":"https:\/\/visitmarratxi.es\/es\/wp-json\/wp\/v2\/event\/6948\/revisions\/6949"}],"wp:featuredmedia":[{"embeddable":true,"href":"https:\/\/visitmarratxi.es\/es\/wp-json\/wp\/v2\/media\/6909"}],"wp:attachment":[{"href":"https:\/\/visitmarratxi.es\/es\/wp-json\/wp\/v2\/media?parent=6948"}],"wp:term":[{"taxonomy":"eventcat","embeddable":true,"href":"https:\/\/visitmarratxi.es\/es\/wp-json\/wp\/v2\/eventcat?post=6948"},{"taxonomy":"organizer","embeddable":true,"href":"https:\/\/visitmarratxi.es\/es\/wp-json\/wp\/v2\/organizer?post=6948"},{"taxonomy":"event_tags","embeddable":true,"href":"https:\/\/visitmarratxi.es\/es\/wp-json\/wp\/v2\/event_tags?post=6948"},{"taxonomy":"location","embeddable":true,"href":"https:\/\/visitmarratxi.es\/es\/wp-json\/wp\/v2\/location?post=6948"}],"curies":[{"name":"wp","href":"https:\/\/api.w.org\/{rel}","templated":true}]}}

<h2 class="wp-block-heading"><strong>26 de desembre</strong></h2><p><strong>De 10 a 14 h.Ludoteca Mòbil</strong></p><p>Es Campet, Sa Cabaneta. </p><p>Amb racons de circ i habilitats, arena màgina, peces gegants, jocs comunitaris i molt més!</p><p><strong>18 h. Quines</strong></p><p>Carpa Can Flor, Pòrtol. </p><p>Xocolata desfeta i coques.</p><p>Organitza: Enfangats Pòrtol.</p><h1 class="wp-block-heading"></h1><h2 class="wp-block-heading"><strong>27 de desembre</strong></h2><p><strong>9 h. Recollida de cartes reials i ludoteca de jardí</strong></p><p>Pl. Església, es Pla de na Tesa. </p><p>Jocs de taula, motricitat, experimentació, construcció i joc simbòlic.</p><p>Organitza: Associació de Veïnats Xaloc.</p><p><strong>De 8 a 12 h. Conta contes per ‘Conte Contat’</strong></p><p>Mercat del Pla de Na Tesa. </p><p>Activitats infantils perquè els petits coneguin el mercat.</p><p>Organitza: Associació de veïnats Xaloc.</p><p><strong>De 16 a 20 h. Festa Infantil</strong></p><p>Plaça de Can Farineta, c/ Antoni Maura, Es Pont d’Inca. </p><p>Activitats infantils: un castell inflable, un lloc de cotó de sucre i decoració d’arbre de nadal amb regals.</p><p><strong>17 h. Taller Infantil de Nadal</strong></p><p>Carpa Can Flor, Pòrtol. </p><p>Hi haurà venda de coques a preus populars a benefici de l’AFA. Fins als 12 anys.</p><p>Organitza: Associació de Famílies del Ceip Costa i Llobera.</p><p><strong>19.30 h. Ballada Popular amb Engalba</strong></p><p>Carpa Can Flor, Pòrtol.</p><p>Organitza: Engalba.</p><p><strong>Del 27 al 29 de desembre. Campament de</strong> <strong>Nadal Es Puntet</strong></p><p>Casa de Colònies s’Estanyol. Places limitades: espuntet.org</p><p>Organitza: Es Puntet.</p><h1 class="wp-block-heading"></h1><h2 class="wp-block-heading"><strong>28 de desembre</strong></h2><p><strong>10 h. I Gran Torneig Escacs Pòrtol</strong></p><p>Carpa Can Flor, Pòrtol. </p><p>Ritme de joc: 7 rondes a 5 minuts i 3 segons. A jugar!</p><p>10 h. Categoria Infantil (fins a 12 anys)</p><p>11.30 h. Categoria adults (a partir de 13 anys)</p><p>Inscripció prèvia: enfangatsportol@gmail.com.</p><p><strong>De 8 a 12 h. Festa Infantil</strong></p><p>Mercat de Sa Cabana. </p><p>Activitats infantils perquè els petits coneguin el mercat.</p><p><strong>De 10.30 a 14.30 h. L’illa dels Invents i Jocs Reciclats</strong></p><p>Carpa de Can Barceló, Es Pla de na Tesa.</p><p>Espai artístic de creació on els nins i nines podran desenvolupar la imaginació acompanyats per monitors professionals.</p><p><strong>De 11 a 12.30 h. Sortida PaintBall</strong></p><p>Sortida per joves de 12 a 18 anys.</p><p>Organitza: Espai Jove.</p><p><strong>17 h. Taller de Dansa en família</strong></p><p>Carpa Can Flor, Pòrtol.</p><p>Organitza: Escuela de Danza.</p><h1 class="wp-block-heading"></h1><h2 class="wp-block-heading"><strong>29 de desembre</strong></h2><p><strong>De 10.30 a 12.30 h. Nadal jove a Jungle Park</strong></p><p>Sortida per joves de 12 a 18 anys. Inscripció prèvia: nadal.marratxi.es</p><p>Organitza: Espai Jove.</p><p><strong>17 h. Conta Contes de Nadal</strong></p><p>Carpa Can Flor, Pòrtol. A càrrec d’Antònia Mulet.</p><p>Organitza: Associació de Veïnats La Pua.</p><p><strong>18 h. Taller Infantil de Nadal</strong></p><p>Carpa Can Flor, Pòrtol. </p><p>Portau una camiseta blanca i la decorarem amb un motiu nadalenc. Hi haurà venda de coques a preus populars pels infants de 6è de primària del CEIP Costa i Llobera. Edat: fins a 12 anys.</p><p>Organitza: Vincles.</p><p><strong>De 21 a 23 h. Teatre de barra</strong></p><p>Pòrtol: Cas Tord, Can Jaume i Cafè Pòrtol.</p><p>Als tres bars hi trobareu una obra per gaudir, així que toca fer ruta i veure’ls tots!</p><p>Organitza: Enfangats i AVV La Pua.</p><h1 class="wp-block-heading"></h1><h2 class="wp-block-heading"><strong>30 de desembre</strong></h2><p><strong>De 8 a 12 h.&nbsp;Festa Infantil</strong></p><p>Mercat d’Es Pont d’Inca. Ludoteca.</p><p>Activitats infantils perquè els petits coneguin el mercat.</p><p><strong>16 h. Festa infantil</strong></p><p>Poliesportiu d’Es Figueral.</p><p>Organitza: AVV Boreal.</p><p><strong>17 h. Taller de cuina</strong></p><p>Carpa de la Plaça de Can Barceló, Es Pla de na Tesa.</p><p>Organitza: Espai Jove</p><p><strong>17 h. Conte Contat a Pòrtol</strong></p><p>Carpa Can Flor, Pòrtol. </p><p>No vos perdeu Conte contat a Pòrtol, Aida i Nabil ens contaran un “Conte de Nadal”.</p><p>Organitza: Associació de Veïnats La Púa.</p><p><strong>22 h. Campanades dolces</strong></p><p>Carpa Can Flor, Pòrtol. </p><p>Veniu a despedir-vos de l’any 2022. Organitza: Enfangats Pòrtol.</p><h1 class="wp-block-heading"></h1><h2 class="wp-block-heading"><strong>31 de desembre</strong></h2><p><strong>11 h. Contacontes</strong></p><p>Local Associació Veïns, Cas Capità.</p><p><strong>De 18 a 21 h. Festa Jove Cap d’Any</strong></p><p>Espai Jove Pòrtol. Per joves a partir de 12 anys.</p><p>Organitza: Espai Jove.</p><p><strong>01 h. Festa de Cap d’Any</strong></p><p>Carpa de la Plaça de Can Barceló, Es Pla de na Tesa. Música i DJs</p><p>Organitza: Pla ‘D’ Festa.</p>

<p>26 de desembre De 10 a 14 h.Ludoteca Mòbil Es Campet, Sa Cabaneta. Amb racons de circ i habilitats, arena màgina, peces gegants, jocs comunitaris i molt més! 18 h. Quines Carpa Can Flor, Pòrtol. Xocolata desfeta i coques. Organitza:&#8230;</p>
