{"id":6956,"date":"2022-12-05T19:05:04","date_gmt":"2022-12-05T17:05:04","guid":{"rendered":"https:\/\/marratxiesviu.es\/event\/concert-extraordinari-de-sant-marcal-rock-simfonic-banda-municipal-de-musica-de-marratxi\/"},"modified":"2022-12-14T15:01:51","modified_gmt":"2022-12-14T13:01:51","slug":"concert-extraordinari-de-sant-marcal-rock-simfonic-banda-municipal-de-musica-de-marratxi","status":"publish","type":"event","link":"https:\/\/visitmarratxi.es\/es\/evento\/concert-extraordinari-de-sant-marcal-rock-simfonic-banda-municipal-de-musica-de-marratxi\/","title":{"rendered":"Concert extraordinari de Sant Mar\u00e7al. Rock Simf\u00f2nic. Banda Municipal de M\u00fasica de Marratx\u00ed"},"content":{"rendered":"<p> <\/p><p>\u00daltim concert de la temporada 2022\/23 de la Banda Municipal de M\u00fasica de Marratx\u00ed:<br><strong>Programa<\/strong>:<br><em>Bienvenidos<\/em>, de Miguel R\u00edos (arr. d\u2019Azael Tormo)<br><em>Fantas\u00eda sobre motivos de Mecano<\/em> (arr. d\u2019Azael Tormo)<br><em>No dudar\u00eda<\/em>, d\u2019Antonio Flores (arr. d\u2019Azael Tormo)<br><em>Me muero<\/em>, de La Quinta Estaci\u00f3n (arr. d\u2019Azael Tormo)<br><em>Chiquilla<\/em>, de Seguridad Social (arr. d\u2019Azael Tormo)<br><em>Camino Soria<\/em>, de Gabinete Caligari (arr. d\u2019Azael Tormo)<br><em>Abba Gold<\/em>, d\u2019Abba (arr. d\u2019Aron Sebregts)<br><em>Mack the Knife<\/em>, de Kurt Weil (arr. de Jos Pijnappel)<br><em>Fantas\u00eda sobre motivos de Alaska<\/em> (arr. d\u2019Azael Tormo)<br><strong>Dia, hora i lloc<\/strong>:<br>Divendres 30 de juny, 20 hores<br>Pla\u00e7a de Sant Mar\u00e7al, sa Cabaneta<br><\/p>","protected":false},"excerpt":{"rendered":"<p>\u00daltim concert de la temporada 2022\/23 de la Banda Municipal de M\u00fasica de Marratx\u00ed:Programa:Bienvenidos, de Miguel R\u00edos (arr. d\u2019Azael Tormo)Fantas\u00eda sobre motivos de Mecano (arr. d\u2019Azael Tormo)No dudar\u00eda, d\u2019Antonio Flores (arr. d\u2019Azael Tormo)Me muero, de La Quinta Estaci\u00f3n (arr. d\u2019Azael&#8230;<\/p>\n","protected":false},"author":6,"featured_media":6867,"comment_status":"open","ping_status":"closed","template":"","meta":{"footnotes":""},"eventcat":[296],"organizer":[],"event_tags":[],"location":[],"class_list":["post-6956","event","type-event","status-publish","has-post-thumbnail","hentry","eventcat-concierto"],"_links":{"self":[{"href":"https:\/\/visitmarratxi.es\/es\/wp-json\/wp\/v2\/event\/6956","targetHints":{"allow":["GET"]}}],"collection":[{"href":"https:\/\/visitmarratxi.es\/es\/wp-json\/wp\/v2\/event"}],"about":[{"href":"https:\/\/visitmarratxi.es\/es\/wp-json\/wp\/v2\/types\/event"}],"author":[{"embeddable":true,"href":"https:\/\/visitmarratxi.es\/es\/wp-json\/wp\/v2\/users\/6"}],"replies":[{"embeddable":true,"href":"https:\/\/visitmarratxi.es\/es\/wp-json\/wp\/v2\/comments?post=6956"}],"version-history":[{"count":1,"href":"https:\/\/visitmarratxi.es\/es\/wp-json\/wp\/v2\/event\/6956\/revisions"}],"predecessor-version":[{"id":6957,"href":"https:\/\/visitmarratxi.es\/es\/wp-json\/wp\/v2\/event\/6956\/revisions\/6957"}],"wp:featuredmedia":[{"embeddable":true,"href":"https:\/\/visitmarratxi.es\/es\/wp-json\/wp\/v2\/media\/6867"}],"wp:attachment":[{"href":"https:\/\/visitmarratxi.es\/es\/wp-json\/wp\/v2\/media?parent=6956"}],"wp:term":[{"taxonomy":"eventcat","embeddable":true,"href":"https:\/\/visitmarratxi.es\/es\/wp-json\/wp\/v2\/eventcat?post=6956"},{"taxonomy":"organizer","embeddable":true,"href":"https:\/\/visitmarratxi.es\/es\/wp-json\/wp\/v2\/organizer?post=6956"},{"taxonomy":"event_tags","embeddable":true,"href":"https:\/\/visitmarratxi.es\/es\/wp-json\/wp\/v2\/event_tags?post=6956"},{"taxonomy":"location","embeddable":true,"href":"https:\/\/visitmarratxi.es\/es\/wp-json\/wp\/v2\/location?post=6956"}],"curies":[{"name":"wp","href":"https:\/\/api.w.org\/{rel}","templated":true}]}}

Concert extraordinari de Sant Marçal. Rock Simfònic. Banda Municipal de Música de Marratxí

<p> </p><p>Últim concert de la temporada 2022/23 de la Banda Municipal de Música de Marratxí:<br><strong>Programa</strong>:<br><em>Bienvenidos</em>, de Miguel Ríos (arr. d’Azael Tormo)<br><em>Fantasía sobre motivos de Mecano</em> (arr. d’Azael Tormo)<br><em>No dudaría</em>, d’Antonio Flores (arr. d’Azael Tormo)<br><em>Me muero</em>, de La Quinta Estación (arr. d’Azael Tormo)<br><em>Chiquilla</em>, de Seguridad Social (arr. d’Azael Tormo)<br><em>Camino Soria</em>, de Gabinete Caligari (arr. d’Azael Tormo)<br><em>Abba Gold</em>, d’Abba (arr. d’Aron Sebregts)<br><em>Mack the Knife</em>, de Kurt Weil (arr. de Jos Pijnappel)<br><em>Fantasía sobre motivos de Alaska</em> (arr. d’Azael Tormo)<br><strong>Dia, hora i lloc</strong>:<br>Divendres 30 de juny, 20 hores<br>Plaça de Sant Marçal, sa Cabaneta<br></p>

<p>Últim concert de la temporada 2022/23 de la Banda Municipal de Música de Marratxí:Programa:Bienvenidos, de Miguel Ríos (arr. d’Azael Tormo)Fantasía sobre motivos de Mecano (arr. d’Azael Tormo)No dudaría, d’Antonio Flores (arr. d’Azael Tormo)Me muero, de La Quinta Estación (arr. d’Azael&#8230;</p>
