{"id":10800,"date":"2021-12-23T10:25:11","date_gmt":"2021-12-23T08:25:11","guid":{"rendered":"https:\/\/marratxiesviu.es\/arribar\/"},"modified":"2024-04-29T12:57:43","modified_gmt":"2024-04-29T10:57:43","slug":"arribar","status":"publish","type":"page","link":"https:\/\/visitmarratxi.es\/fr\/arribar\/","title":{"rendered":"Arriver"},"content":{"rendered":"<div class=\"wpb-content-wrapper\"><p>[vc_row][vc_column]<div class=\"gt-heading gt-dark gt-size1 gt-align-center\"><div class=\"gt-title\">Zones peupl\u00e9es de<\/div><div class=\"gt-separate\"><div class=\"gt-icon\"> <\/div><\/div><div class=\"gt-text\">Marratx\u00ed est une commune avec 5 zones de population diff\u00e9rentes, chacune ayant leurs particularit\u00e9s, attractions touristiques et activit\u00e9s. Vous trouverez ici toutes les informations dont vous avez besoin pour acc\u00e9der \u00e0 chaque zone. Quel transport pr\u00e9f\u00e9rez-vous?<\/div><\/div>[\/vc_column][\/vc_row][vc_row][vc_column][vc_empty_space height=\u00a0\u00bb100px\u00a0\u00bb][\/vc_column][\/vc_row][vc_row][vc_column width=\u00a0\u00bb1\/2&Prime;][vc_column_text]<\/p>\n<h2 class=\"fusion-responsive-typography-calculated\" data-fontsize=\"18\" data-lineheight=\"27px\"><b>Transport public:<\/b><\/h2>\n<p>Si vous venez du port ou de l\u2019a\u00e9roport, vous devrez prendre la ligne 1 de la EMT jusqu\u2019\u00e0 la place Espa\u00f1a. Une fois arriv\u00e9, vous devrez entrer dans la Station Intermodal, o\u00f9 vous pourrez emprunter les lignes suivantes :<br \/>\n\u2013 Lignes de train T1, T2 ou T3<br \/>\n\u2013 Lignes de bus 3 du EMT ou 302 et 400 du TIB<br \/>\n\u2013 Ligne 301 du TIB<\/p>\n<p>Pour plus d\u2019information, vous pouvez consultez les pages suivantes :<br \/>\n\u2013 <a href=\"https:\/\/www.emtpalma.cat\/ca\/inici\" target=\"_blank\" rel=\"noopener\">www.emtpalma.cat<\/a><br \/>\n\u2013 <a href=\"https:\/\/www.tib.org\/web\/ctm\/\" target=\"_blank\" rel=\"noopener\">www.tib.org<\/a>[\/vc_column_text][\/vc_column][vc_column width=\u00a0\u00bb1\/2&Prime;][vc_column_text]<\/p>\n<h2 class=\"fusion-responsive-typography-calculated\" data-fontsize=\"18\" data-lineheight=\"27px\"><b>Transport priv\u00e9:<\/b><\/h2>\n<p>Pour vous rendre \u00e0 Marratx\u00ed depuis Palma, vous devrez emprunter l\u2019autoroute Mi-13 direction Inca et prendre les sorties suivantes :<br \/>\n&#8211; Sortie 3 : Sa Cabana<br \/>\n&#8211; Sorite 4: Es Pont d\u2019Inca et centre commercial.<br \/>\n&#8211; Sortie 7: Sa Cabaneta et Es Ca\u00fclls.<br \/>\n-Sortie 8: Sa Cabaneta et centre commercial.<br \/>\n&#8211; Sortie 12: P\u00f2rtol.[\/vc_column_text][\/vc_column][\/vc_row][vc_row][vc_column][vc_empty_space height=\u00a0\u00bb100px\u00a0\u00bb][\/vc_column][\/vc_row][vc_row][vc_column width=\u00a0\u00bb1\/2&Prime;][vc_single_image image=\u00a0\u00bb8282&Prime; img_size=\u00a0\u00bblarge\u00a0\u00bb alignment=\u00a0\u00bbcenter\u00a0\u00bb title=\u00a0\u00bbBUS EMT\u00a0\u00bb][vc_column_text]<\/p>\n<p style=\"text-align: left;\"><a href=\"https:\/\/www.emtpalma.cat\/ca\/inici\" target=\"_blank\" rel=\"noopener\">\u00c0 Marratx\u00ed, vous pouvez prendre le EMT. Consultez les horaires et les lignes pour laisser votre voiture au parking et vous d\u00e9placer dans les transports en commun.\u00a0<\/a><\/p>\n<p>[\/vc_column_text][vc_single_image image=\u00a0\u00bb8426&Prime; img_size=\u00a0\u00bblarge\u00a0\u00bb alignment=\u00a0\u00bbcenter\u00a0\u00bb title=\u00a0\u00bbTRAIN\u00a0\u00bb][vc_column_text]<a href=\"https:\/\/www.tib.org\/es\/web\/ctm\" target=\"_blank\" rel=\"noopener\">Il y a quatre arr\u00eats de train SFM qui connectent Marratx\u00ed \u00e0 Palma, Inca et Sa Pobla.<\/a>[\/vc_column_text][\/vc_column][vc_column width=\u00a0\u00bb1\/2&Prime;][vc_single_image image=\u00a0\u00bb8303&Prime; img_size=\u00a0\u00bblarge\u00a0\u00bb alignment=\u00a0\u00bbcenter\u00a0\u00bb title=\u00a0\u00bbBUS TIB\u00a0\u00bb][vc_column_text]<a href=\"https:\/\/www.tib.org\/es\/web\/ctm\" target=\"_blank\" rel=\"noopener\">\u00c0 Marratx\u00ec, vous pouvez prendre le TIB. Consultez les horaires et les lignes pour laisser votre voiture au parking et vous d\u00e9placer dans les transports en commun.<\/a>[\/vc_column_text][vc_single_image image=\u00a0\u00bb8312&Prime; img_size=\u00a0\u00bblarge\u00a0\u00bb alignment=\u00a0\u00bbcenter\u00a0\u00bb title=\u00a0\u00bbPISTE CYCLABLE\u00a0\u00bb][vc_column_text]<a href=\"https:\/\/ajuntament.marratxi.es\/marratxi-i-palma-mes-a-prop-amb-el-nou-vial-per-a-cicles-i-vianants-que-uneix-sa-cabana-i-son-cladera\/\" target=\"_blank\" rel=\"noopener\">Vous pouvez vous rendre \u00e0 Marratx\u00ed \u00e0 v\u00e9lo ou \u00e0 pied. La piste cyclable, parall\u00e8le \u00e0 la Dt-13 du kilom\u00e8tre 1,9 \u00e0 2,7, sur le c\u00f4t\u00e9 droit, relie les quartiers de Son Cladera (Palma) et Sa Cabana (Marratx\u00ed).\u00a0<\/a>[\/vc_column_text][\/vc_column][\/vc_row][vc_row][vc_column][vc_empty_space height=\u00a0\u00bb100px\u00a0\u00bb][\/vc_column][\/vc_row][vc_row][vc_column][vc_gmaps link=\u00a0\u00bb#E-8_JTNDaWZyYW1lJTIwc3JjJTNEJTIyaHR0cHMlM0ElMkYlMkZ3d3cuZ29vZ2xlLmNvbSUyRm1hcHMlMkZlbWJlZCUzRnBiJTNEJTIxMW0xOCUyMTFtMTIlMjExbTMlMjExZDQ1MDEwLjQwMDU3NTQzMzkzJTIxMmQyLjY5MTMyMzA4MjQ3NTM5NjQlMjEzZDM5LjYyMTQyOTAzODU3NjU1JTIxMm0zJTIxMWYwJTIxMmYwJTIxM2YwJTIxM20yJTIxMWkxMDI0JTIxMmk3NjglMjE0ZjEzLjElMjEzbTMlMjExbTIlMjExczB4MTI5N2ViMmM5OWJlMWFiOSUyNTNBMHg0MDJhZjZlZDcyMjAwMTAlMjEyc01hcnJhY2glMjVDMyUyNUFEJTI1MkMlMjUyMDA3MTQxJTI1MkMlMjUyMElsbGVzJTI1MjBCYWxlYXJzJTIxNWUxJTIxM20yJTIxMXNlcyUyMTJzZXMlMjE0djE3MTQzODY5NDM2NTclMjE1bTIlMjExc2VzJTIxMnNlcyUyMiUyMHdpZHRoJTNEJTIyNjAwJTIyJTIwaGVpZ2h0JTNEJTIyNDUwJTIyJTIwc3R5bGUlM0QlMjJib3JkZXIlM0EwJTNCJTIyJTIwYWxsb3dmdWxsc2NyZWVuJTNEJTIyJTIyJTIwbG9hZGluZyUzRCUyMmxhenklMjIlMjByZWZlcnJlcnBvbGljeSUzRCUyMm5vLXJlZmVycmVyLXdoZW4tZG93bmdyYWRlJTIyJTNFJTNDJTJGaWZyYW1lJTNF\u00a0\u00bb title=\u00a0\u00bbCarte\u00a0\u00bb][\/vc_column][\/vc_row]<\/p>\n<\/div>","protected":false},"excerpt":{"rendered":"<p>[vc_row][vc_column][\/vc_column][\/vc_row][vc_row][vc_column][vc_empty_space height=\u00a0\u00bb100px\u00a0\u00bb][\/vc_column][\/vc_row][vc_row][vc_column width=\u00a0\u00bb1\/2&Prime;][vc_column_text] Transport public: Si vous venez du port ou de l\u2019a\u00e9roport, vous devrez prendre la ligne 1 de la EMT jusqu\u2019\u00e0 la place Espa\u00f1a. Une fois arriv\u00e9, vous devrez entrer dans la Station Intermodal, o\u00f9 vous pourrez emprunter&#8230;<\/p>\n","protected":false},"author":6,"featured_media":0,"parent":0,"menu_order":0,"comment_status":"closed","ping_status":"closed","template":"","meta":{"footnotes":""},"class_list":["post-10800","page","type-page","status-publish","hentry"],"_links":{"self":[{"href":"https:\/\/visitmarratxi.es\/fr\/wp-json\/wp\/v2\/pages\/10800","targetHints":{"allow":["GET"]}}],"collection":[{"href":"https:\/\/visitmarratxi.es\/fr\/wp-json\/wp\/v2\/pages"}],"about":[{"href":"https:\/\/visitmarratxi.es\/fr\/wp-json\/wp\/v2\/types\/page"}],"author":[{"embeddable":true,"href":"https:\/\/visitmarratxi.es\/fr\/wp-json\/wp\/v2\/users\/6"}],"replies":[{"embeddable":true,"href":"https:\/\/visitmarratxi.es\/fr\/wp-json\/wp\/v2\/comments?post=10800"}],"version-history":[{"count":5,"href":"https:\/\/visitmarratxi.es\/fr\/wp-json\/wp\/v2\/pages\/10800\/revisions"}],"predecessor-version":[{"id":12198,"href":"https:\/\/visitmarratxi.es\/fr\/wp-json\/wp\/v2\/pages\/10800\/revisions\/12198"}],"wp:attachment":[{"href":"https:\/\/visitmarratxi.es\/fr\/wp-json\/wp\/v2\/media?parent=10800"}],"curies":[{"name":"wp","href":"https:\/\/api.w.org\/{rel}","templated":true}]}}

<div class="wpb-content-wrapper"><p>[vc_row][vc_column]<div class="gt-heading gt-dark gt-size1 gt-align-center"><div class="gt-title">Zones peuplées de</div><div class="gt-separate"><div class="gt-icon"> </div></div><div class="gt-text">Marratxí est une commune avec 5 zones de population différentes, chacune ayant leurs particularités, attractions touristiques et activités. Vous trouverez ici toutes les informations dont vous avez besoin pour accéder à chaque zone. Quel transport préférez-vous?</div></div>[/vc_column][/vc_row][vc_row][vc_column][vc_empty_space height= »100px »][/vc_column][/vc_row][vc_row][vc_column width= »1/2&Prime;][vc_column_text]</p>
<h2 class="fusion-responsive-typography-calculated" data-fontsize="18" data-lineheight="27px"><b>Transport public:</b></h2>
<p>Si vous venez du port ou de l’aéroport, vous devrez prendre la ligne 1 de la EMT jusqu’à la place España. Une fois arrivé, vous devrez entrer dans la Station Intermodal, où vous pourrez emprunter les lignes suivantes :<br />
– Lignes de train T1, T2 ou T3<br />
– Lignes de bus 3 du EMT ou 302 et 400 du TIB<br />
– Ligne 301 du TIB</p>
<p>Pour plus d’information, vous pouvez consultez les pages suivantes :<br />
– <a href="https://www.emtpalma.cat/ca/inici" target="_blank" rel="noopener">www.emtpalma.cat</a><br />
– <a href="https://www.tib.org/web/ctm/" target="_blank" rel="noopener">www.tib.org</a>[/vc_column_text][/vc_column][vc_column width= »1/2&Prime;][vc_column_text]</p>
<h2 class="fusion-responsive-typography-calculated" data-fontsize="18" data-lineheight="27px"><b>Transport privé:</b></h2>
<p>Pour vous rendre à Marratxí depuis Palma, vous devrez emprunter l’autoroute Mi-13 direction Inca et prendre les sorties suivantes :<br />
&#8211; Sortie 3 : Sa Cabana<br />
&#8211; Sorite 4: Es Pont d’Inca et centre commercial.<br />
&#8211; Sortie 7: Sa Cabaneta et Es Caülls.<br />
-Sortie 8: Sa Cabaneta et centre commercial.<br />
&#8211; Sortie 12: Pòrtol.[/vc_column_text][/vc_column][/vc_row][vc_row][vc_column][vc_empty_space height= »100px »][/vc_column][/vc_row][vc_row][vc_column width= »1/2&Prime;][vc_single_image image= »8282&Prime; img_size= »large » alignment= »center » title= »BUS EMT »][vc_column_text]</p>
<p style="text-align: left;"><a href="https://www.emtpalma.cat/ca/inici" target="_blank" rel="noopener">À Marratxí, vous pouvez prendre le EMT. Consultez les horaires et les lignes pour laisser votre voiture au parking et vous déplacer dans les transports en commun. </a></p>
<p>[/vc_column_text][vc_single_image image= »8426&Prime; img_size= »large » alignment= »center » title= »TRAIN »][vc_column_text]<a href="https://www.tib.org/es/web/ctm" target="_blank" rel="noopener">Il y a quatre arrêts de train SFM qui connectent Marratxí à Palma, Inca et Sa Pobla.</a>[/vc_column_text][/vc_column][vc_column width= »1/2&Prime;][vc_single_image image= »8303&Prime; img_size= »large » alignment= »center » title= »BUS TIB »][vc_column_text]<a href="https://www.tib.org/es/web/ctm" target="_blank" rel="noopener">À Marratxì, vous pouvez prendre le TIB. Consultez les horaires et les lignes pour laisser votre voiture au parking et vous déplacer dans les transports en commun.</a>[/vc_column_text][vc_single_image image= »8312&Prime; img_size= »large » alignment= »center » title= »PISTE CYCLABLE »][vc_column_text]<a href="https://ajuntament.marratxi.es/marratxi-i-palma-mes-a-prop-amb-el-nou-vial-per-a-cicles-i-vianants-que-uneix-sa-cabana-i-son-cladera/" target="_blank" rel="noopener">Vous pouvez vous rendre à Marratxí à vélo ou à pied. La piste cyclable, parallèle à la Dt-13 du kilomètre 1,9 à 2,7, sur le côté droit, relie les quartiers de Son Cladera (Palma) et Sa Cabana (Marratxí). </a>[/vc_column_text][/vc_column][/vc_row][vc_row][vc_column][vc_empty_space height= »100px »][/vc_column][/vc_row][vc_row][vc_column][vc_gmaps link= »#E-8_JTNDaWZyYW1lJTIwc3JjJTNEJTIyaHR0cHMlM0ElMkYlMkZ3d3cuZ29vZ2xlLmNvbSUyRm1hcHMlMkZlbWJlZCUzRnBiJTNEJTIxMW0xOCUyMTFtMTIlMjExbTMlMjExZDQ1MDEwLjQwMDU3NTQzMzkzJTIxMmQyLjY5MTMyMzA4MjQ3NTM5NjQlMjEzZDM5LjYyMTQyOTAzODU3NjU1JTIxMm0zJTIxMWYwJTIxMmYwJTIxM2YwJTIxM20yJTIxMWkxMDI0JTIxMmk3NjglMjE0ZjEzLjElMjEzbTMlMjExbTIlMjExczB4MTI5N2ViMmM5OWJlMWFiOSUyNTNBMHg0MDJhZjZlZDcyMjAwMTAlMjEyc01hcnJhY2glMjVDMyUyNUFEJTI1MkMlMjUyMDA3MTQxJTI1MkMlMjUyMElsbGVzJTI1MjBCYWxlYXJzJTIxNWUxJTIxM20yJTIxMXNlcyUyMTJzZXMlMjE0djE3MTQzODY5NDM2NTclMjE1bTIlMjExc2VzJTIxMnNlcyUyMiUyMHdpZHRoJTNEJTIyNjAwJTIyJTIwaGVpZ2h0JTNEJTIyNDUwJTIyJTIwc3R5bGUlM0QlMjJib3JkZXIlM0EwJTNCJTIyJTIwYWxsb3dmdWxsc2NyZWVuJTNEJTIyJTIyJTIwbG9hZGluZyUzRCUyMmxhenklMjIlMjByZWZlcnJlcnBvbGljeSUzRCUyMm5vLXJlZmVycmVyLXdoZW4tZG93bmdyYWRlJTIyJTNFJTNDJTJGaWZyYW1lJTNF » title= »Carte »][/vc_column][/vc_row]</p>
</div>

<p>[vc_row][vc_column][/vc_column][/vc_row][vc_row][vc_column][vc_empty_space height= »100px »][/vc_column][/vc_row][vc_row][vc_column width= »1/2&Prime;][vc_column_text] Transport public: Si vous venez du port ou de l’aéroport, vous devrez prendre la ligne 1 de la EMT jusqu’à la place España. Une fois arrivé, vous devrez entrer dans la Station Intermodal, où vous pourrez emprunter&#8230;</p>
