{"id":11007,"date":"2022-05-12T15:27:43","date_gmt":"2022-05-12T13:27:43","guid":{"rendered":"https:\/\/marratxiesviu.es\/venue\/grup-escolar-unitari-del-pla-de-na-tesa\/"},"modified":"2023-06-14T09:08:48","modified_gmt":"2023-06-14T07:08:48","slug":"grup-escolar-unitari-del-pla-de-na-tesa","status":"publish","type":"venue","link":"https:\/\/visitmarratxi.es\/fr\/venue\/grup-escolar-unitari-del-pla-de-na-tesa\/","title":{"rendered":"Groupe scolaire unique de Pla de na Tesa"},"content":{"rendered":"<p class=\"has-text-align-center has-text-color has-small-font-size\" style=\"color: #4a4a4a;\">Photographie fournie par la CEIP Gabriel Janer Manil<\/p>\r\n<p class=\"has-text-align-center has-text-color has-small-font-size\" style=\"color: #262626;\"><\/p>\r\n<p class=\"p1\"><span class=\"s1\">Au cours du XVIIIe si\u00e8cle, aussi connu comme si\u00e8cles des Lumi\u00e8res, un nouveau concept consid\u00e9rant l\u2019\u00e9ducation comme base de la soci\u00e9t\u00e9 future a d\u00e9but\u00e9. Autour de ce mouvement de r\u00e9formisme europ\u00e9en, dirig\u00e9 par des auteurs comme Jean-Jacques Rousseau, au cours du XIXe si\u00e8cle, de nouvelles r\u00e8gles ont commenc\u00e9s \u00e0 \u00eatre d\u00e9finies pour configurer un <b>nouveau syst\u00e8me scolaire<\/b>. En effet, jusqu\u2019alors, le taux d\u2019analphab\u00e9tisme constituait un probl\u00e8me majeur, avec des chiffres qui d\u00e9passaient plus d\u2019un tiers de la population espagnole.\u00a0<\/span><\/p>\r\n<p class=\"has-text-align-center has-text-color has-small-font-size\" style=\"color: #262626;\"><\/p>\r\n<p class=\"p1\"><span class=\"s1\">Enfin, au d\u00e9but du XXe si\u00e8cle, une r\u00e9forme p\u00e9dagogique a \u00e9t\u00e9 mise en \u0153uvre \u00e0 travers toute l\u2019Europe. En Espagne, on parle pour la premi\u00e8re fois d\u2019enseignement obligatoire et d\u2019architecture adapt\u00e9e, l\u2019\u00c9tat s\u2019engageant \u00e0 cr\u00e9er des budgets destin\u00e9s sp\u00e9cifiquement \u00e0 la cr\u00e9ation de b\u00e2timents scolaires. La lutte contre l\u2019analphab\u00e9tisme est ainsi devenue une affaire d\u2019\u00c9tat. Le gouvernement a oblig\u00e9 toutes les villes \u00e0 construire et \u00e0 conserver des \u00e9coles primaires. Pour une telle mission, la Commission de Constructions Scolaire a \u00e9t\u00e9 cr\u00e9\u00e9 au niveau provincial et la construction de masse a \u00e9t\u00e9 mise en place sur la base de lignes directrices bien d\u00e9finies.<\/span><\/p><div class=\"wp-block-image\"><figure class=\"aligncenter size-large is-resized\"><img loading=\"lazy\" decoding=\"async\" class=\"wp-image-5258\" src=\"https:\/\/visitmarratxi.es\/wp-content\/uploads\/2022\/05\/img015-1024x716.jpg\" alt=\"\" width=\"768\" height=\"537\" srcset=\"https:\/\/visitmarratxi.es\/wp-content\/uploads\/2022\/05\/img015-1024x716.jpg 1024w, https:\/\/visitmarratxi.es\/wp-content\/uploads\/2022\/05\/img015-300x210.jpg 300w, https:\/\/visitmarratxi.es\/wp-content\/uploads\/2022\/05\/img015-768x537.jpg 768w, https:\/\/visitmarratxi.es\/wp-content\/uploads\/2022\/05\/img015-1536x1074.jpg 1536w, https:\/\/visitmarratxi.es\/wp-content\/uploads\/2022\/05\/img015-600x420.jpg 600w, https:\/\/visitmarratxi.es\/wp-content\/uploads\/2022\/05\/img015.jpg 1600w\" sizes=\"auto, (max-width: 768px) 100vw, 768px\" \/>\r\n<figcaption class=\"wp-element-caption\">\r\n<div class=\"wp-block-image\">\r\n<figure class=\"aligncenter size-large is-resized\">\r\n<figcaption>\r\n<p class=\"p1\"><span class=\"s1\">Photographie fournie par la CEIP Gabriel Janer Manila<\/span><\/p>\r\n<\/figcaption>\r\n<\/figure>\r\n<\/div><\/div><p class=\"p1\"><span class=\"s1\">Comme le souligne Jaume Mayol, architecte et chercheur sp\u00e9cialis\u00e9 dans l\u2019architecture scolaire de Guillem Forteza, dans le cas de Majorque, dans un contexte de modernisation de l\u2019\u00eele, devenu fruit du r\u00e9gionalisme majorquin au d\u00e9but du XXe si\u00e8cle, la construction de nouvelles \u00e9coles appliquant les derniers courants europ\u00e9ens ont \u00e9t\u00e9 encourag\u00e9es et demand\u00e9es. Dans ce cadre, le p\u00e9dagogue <b>Joan Cap\u00f3<\/b>, le ma\u00eetre d\u2019\u00e9cole et inspecteur Fernando Leal et l\u2019architecte <b>Guillem Forteza<\/b>, nomm\u00e9 Architecte Directeur de Constructions Scolaires de l\u2019\u00c9tat en 1921, se sont charg\u00e9s de cette tache en suivant les mod\u00e8les fix\u00e9s par le bureau technique de construction des \u00c9coles du Minist\u00e8re, et ont permis la construction de 126 projets scolaires dans toute l\u2019\u00eele, repr\u00e9sentant ainsi la majeure partie des \u00e9coles des Bal\u00e9ares.\u00a0<\/span><\/p><p class=\"p1\"><span class=\"s1\">\u00c0 Marratx\u00ed, la ville s\u2019est charg\u00e9e de construire au moins une \u00e9cole dans chacune des quatre zones peupl\u00e9es principales de l\u2019\u00e9poque : Pladena Tesa, Pont d\u2019Inca, Sa Cabaneta et P\u00f2rtol. Entre 1927 et 1933, tous ces nouveaux b\u00e2timents ont \u00e9t\u00e9 construits. Le premier projet r\u00e9alis\u00e9 a \u00e9t\u00e9 le Groupe Scolaire Unique \u00e0 Pladena Tesa en mai 1927. Il \u00e9tait d\u00e9fini comme une \u00e9cole unique pour les gar\u00e7ons et les filles, avec deux ailes identiques s\u00e9par\u00e9s par genre et avec une ma\u00eetresse pour les filles et un ma\u00eetre pour les gar\u00e7ons.\u00a0<\/span><\/p>\r\n<\/figcaption>\r\n<\/figure><div class=\"wp-block-image\"><figure class=\"aligncenter size-large is-resized\"><img loading=\"lazy\" decoding=\"async\" class=\"wp-image-5260\" src=\"https:\/\/visitmarratxi.es\/wp-content\/uploads\/2022\/05\/img019-1024x911.jpg\" alt=\"\" width=\"768\" height=\"683\" srcset=\"https:\/\/visitmarratxi.es\/wp-content\/uploads\/2022\/05\/img019-1024x911.jpg 1024w, https:\/\/visitmarratxi.es\/wp-content\/uploads\/2022\/05\/img019-300x267.jpg 300w, https:\/\/visitmarratxi.es\/wp-content\/uploads\/2022\/05\/img019-768x683.jpg 768w, https:\/\/visitmarratxi.es\/wp-content\/uploads\/2022\/05\/img019-1536x1366.jpg 1536w, https:\/\/visitmarratxi.es\/wp-content\/uploads\/2022\/05\/img019-600x534.jpg 600w, https:\/\/visitmarratxi.es\/wp-content\/uploads\/2022\/05\/img019.jpg 1600w\" sizes=\"auto, (max-width: 768px) 100vw, 768px\" \/>\r\n<figcaption class=\"wp-element-caption\">\r\n<div class=\"wp-block-image\">\r\n<figure class=\"aligncenter size-large is-resized\">\r\n<figcaption>\r\n<p class=\"p1\"><span class=\"s1\">Photographie fournie par la CEIP Gabriel Janer Manila<\/span><span class=\"s2\">\u00a0<\/span><\/p>\r\n<\/figcaption>\r\n<\/figure>\r\n<\/div><\/div><p class=\"p1\"><span class=\"s1\">De style r\u00e9gionaliste, il est d\u00e9fini pour suivre les principes de l\u2019architecture moderne, o\u00f9 la forme et la fonction vont de pair. Les aspects les plus importants \u00e9taient l\u2019\u00e9clairage optimis\u00e9, les structures hygi\u00e9niques, une bonne orientation et des co\u00fbts de construction moins \u00e9lev\u00e9s \u00e0 partir d\u2019une architecture simple, compacte et aust\u00e8re, o\u00f9 les quelques motifs de d\u00e9corations servaient uniquement \u00e0 donner de la dignit\u00e9 \u00e0 l\u2019acc\u00e8s du b\u00e2timent. En 1929, la plupart des nouvelles \u00e9coles ont \u00e9t\u00e9 inaugur\u00e9es \u00e0 Marratx\u00ed, repr\u00e9sentant ainsi une \u00e9tape importante dans l\u2019am\u00e9lioration de l\u2019\u00e9ducation, et dans l\u2019\u00e9volution vers une soci\u00e9t\u00e9 meilleure.\u00a0<\/span><\/p>\r\n<\/figcaption>\r\n<\/figure><div class=\"wp-block-image\"><figure class=\"aligncenter is-resized\"><img loading=\"lazy\" decoding=\"async\" src=\"https:\/\/lh3.googleusercontent.com\/pw\/AM-JKLVxKQUxiS6rM_NyiDISoqrIdhgcGNZbiu2IuJ4Gj1UByKjJs63GkVX0qavgQ3r9JPIh5hg0IQl-KV1ycMZq5Zi0Rx-Pr08DnYzWiVvCUTWiX_URmobKdEMf4u-5XnAY7ARII-nbgw8KpIdZSchfNOpzvQ=w1406-h969-no?authuser=0\" alt=\"\" width=\"703\" height=\"485\" \/>\r\n<figcaption class=\"wp-element-caption\">Photographie fournie par la CEIP Gabriel Janer Manila<\/figcaption>\r\n<\/figure><\/div>","protected":false},"excerpt":{"rendered":"<p>Photographie fournie par la CEIP Gabriel Janer Manil Au cours du XVIIIe si\u00e8cle, aussi connu comme si\u00e8cles des Lumi\u00e8res, un nouveau concept consid\u00e9rant l\u2019\u00e9ducation comme base de la soci\u00e9t\u00e9 future a d\u00e9but\u00e9. Autour de ce mouvement de r\u00e9formisme europ\u00e9en, dirig\u00e9&#8230;<\/p>\n","protected":false},"author":6,"featured_media":9257,"comment_status":"open","ping_status":"closed","template":"","meta":{"footnotes":""},"venuecat":[445],"venue_tags":[603],"location":[607],"class_list":["post-11007","venue","type-venue","status-publish","has-post-thumbnail","hentry","venuecat-culture-fr","venue_tags-general-fr","location-pla-de-na-tesa-fr"],"_links":{"self":[{"href":"https:\/\/visitmarratxi.es\/fr\/wp-json\/wp\/v2\/venue\/11007","targetHints":{"allow":["GET"]}}],"collection":[{"href":"https:\/\/visitmarratxi.es\/fr\/wp-json\/wp\/v2\/venue"}],"about":[{"href":"https:\/\/visitmarratxi.es\/fr\/wp-json\/wp\/v2\/types\/venue"}],"author":[{"embeddable":true,"href":"https:\/\/visitmarratxi.es\/fr\/wp-json\/wp\/v2\/users\/6"}],"replies":[{"embeddable":true,"href":"https:\/\/visitmarratxi.es\/fr\/wp-json\/wp\/v2\/comments?post=11007"}],"version-history":[{"count":2,"href":"https:\/\/visitmarratxi.es\/fr\/wp-json\/wp\/v2\/venue\/11007\/revisions"}],"predecessor-version":[{"id":11009,"href":"https:\/\/visitmarratxi.es\/fr\/wp-json\/wp\/v2\/venue\/11007\/revisions\/11009"}],"wp:featuredmedia":[{"embeddable":true,"href":"https:\/\/visitmarratxi.es\/fr\/wp-json\/wp\/v2\/media\/9257"}],"wp:attachment":[{"href":"https:\/\/visitmarratxi.es\/fr\/wp-json\/wp\/v2\/media?parent=11007"}],"wp:term":[{"taxonomy":"venuecat","embeddable":true,"href":"https:\/\/visitmarratxi.es\/fr\/wp-json\/wp\/v2\/venuecat?post=11007"},{"taxonomy":"venue_tags","embeddable":true,"href":"https:\/\/visitmarratxi.es\/fr\/wp-json\/wp\/v2\/venue_tags?post=11007"},{"taxonomy":"location","embeddable":true,"href":"https:\/\/visitmarratxi.es\/fr\/wp-json\/wp\/v2\/location?post=11007"}],"curies":[{"name":"wp","href":"https:\/\/api.w.org\/{rel}","templated":true}]}}

<p class="has-text-align-center has-text-color has-small-font-size" style="color: #4a4a4a;">Photographie fournie par la CEIP Gabriel Janer Manil</p>
<p class="has-text-align-center has-text-color has-small-font-size" style="color: #262626;"></p>
<p class="p1"><span class="s1">Au cours du XVIIIe siècle, aussi connu comme siècles des Lumières, un nouveau concept considérant l’éducation comme base de la société future a débuté. Autour de ce mouvement de réformisme européen, dirigé par des auteurs comme Jean-Jacques Rousseau, au cours du XIXe siècle, de nouvelles règles ont commencés à être définies pour configurer un <b>nouveau système scolaire</b>. En effet, jusqu’alors, le taux d’analphabétisme constituait un problème majeur, avec des chiffres qui dépassaient plus d’un tiers de la population espagnole. </span></p>
<p class="has-text-align-center has-text-color has-small-font-size" style="color: #262626;"></p>
<p class="p1"><span class="s1">Enfin, au début du XXe siècle, une réforme pédagogique a été mise en œuvre à travers toute l’Europe. En Espagne, on parle pour la première fois d’enseignement obligatoire et d’architecture adaptée, l’État s’engageant à créer des budgets destinés spécifiquement à la création de bâtiments scolaires. La lutte contre l’analphabétisme est ainsi devenue une affaire d’État. Le gouvernement a obligé toutes les villes à construire et à conserver des écoles primaires. Pour une telle mission, la Commission de Constructions Scolaire a été créé au niveau provincial et la construction de masse a été mise en place sur la base de lignes directrices bien définies.</span></p><div class="wp-block-image"><figure class="aligncenter size-large is-resized"><img loading="lazy" decoding="async" class="wp-image-5258" src="https://visitmarratxi.es/wp-content/uploads/2022/05/img015-1024x716.jpg" alt="" width="768" height="537" srcset="https://visitmarratxi.es/wp-content/uploads/2022/05/img015-1024x716.jpg 1024w, https://visitmarratxi.es/wp-content/uploads/2022/05/img015-300x210.jpg 300w, https://visitmarratxi.es/wp-content/uploads/2022/05/img015-768x537.jpg 768w, https://visitmarratxi.es/wp-content/uploads/2022/05/img015-1536x1074.jpg 1536w, https://visitmarratxi.es/wp-content/uploads/2022/05/img015-600x420.jpg 600w, https://visitmarratxi.es/wp-content/uploads/2022/05/img015.jpg 1600w" sizes="auto, (max-width: 768px) 100vw, 768px" />
<figcaption class="wp-element-caption">
<div class="wp-block-image">
<figure class="aligncenter size-large is-resized">
<figcaption>
<p class="p1"><span class="s1">Photographie fournie par la CEIP Gabriel Janer Manila</span></p>
</figcaption>
</figure>
</div></div><p class="p1"><span class="s1">Comme le souligne Jaume Mayol, architecte et chercheur spécialisé dans l’architecture scolaire de Guillem Forteza, dans le cas de Majorque, dans un contexte de modernisation de l’île, devenu fruit du régionalisme majorquin au début du XXe siècle, la construction de nouvelles écoles appliquant les derniers courants européens ont été encouragées et demandées. Dans ce cadre, le pédagogue <b>Joan Capó</b>, le maître d’école et inspecteur Fernando Leal et l’architecte <b>Guillem Forteza</b>, nommé Architecte Directeur de Constructions Scolaires de l’État en 1921, se sont chargés de cette tache en suivant les modèles fixés par le bureau technique de construction des Écoles du Ministère, et ont permis la construction de 126 projets scolaires dans toute l’île, représentant ainsi la majeure partie des écoles des Baléares. </span></p><p class="p1"><span class="s1">À Marratxí, la ville s’est chargée de construire au moins une école dans chacune des quatre zones peuplées principales de l’époque : Pladena Tesa, Pont d’Inca, Sa Cabaneta et Pòrtol. Entre 1927 et 1933, tous ces nouveaux bâtiments ont été construits. Le premier projet réalisé a été le Groupe Scolaire Unique à Pladena Tesa en mai 1927. Il était défini comme une école unique pour les garçons et les filles, avec deux ailes identiques séparés par genre et avec une maîtresse pour les filles et un maître pour les garçons. </span></p>
</figcaption>
</figure><div class="wp-block-image"><figure class="aligncenter size-large is-resized"><img loading="lazy" decoding="async" class="wp-image-5260" src="https://visitmarratxi.es/wp-content/uploads/2022/05/img019-1024x911.jpg" alt="" width="768" height="683" srcset="https://visitmarratxi.es/wp-content/uploads/2022/05/img019-1024x911.jpg 1024w, https://visitmarratxi.es/wp-content/uploads/2022/05/img019-300x267.jpg 300w, https://visitmarratxi.es/wp-content/uploads/2022/05/img019-768x683.jpg 768w, https://visitmarratxi.es/wp-content/uploads/2022/05/img019-1536x1366.jpg 1536w, https://visitmarratxi.es/wp-content/uploads/2022/05/img019-600x534.jpg 600w, https://visitmarratxi.es/wp-content/uploads/2022/05/img019.jpg 1600w" sizes="auto, (max-width: 768px) 100vw, 768px" />
<figcaption class="wp-element-caption">
<div class="wp-block-image">
<figure class="aligncenter size-large is-resized">
<figcaption>
<p class="p1"><span class="s1">Photographie fournie par la CEIP Gabriel Janer Manila</span><span class="s2"> </span></p>
</figcaption>
</figure>
</div></div><p class="p1"><span class="s1">De style régionaliste, il est défini pour suivre les principes de l’architecture moderne, où la forme et la fonction vont de pair. Les aspects les plus importants étaient l’éclairage optimisé, les structures hygiéniques, une bonne orientation et des coûts de construction moins élevés à partir d’une architecture simple, compacte et austère, où les quelques motifs de décorations servaient uniquement à donner de la dignité à l’accès du bâtiment. En 1929, la plupart des nouvelles écoles ont été inaugurées à Marratxí, représentant ainsi une étape importante dans l’amélioration de l’éducation, et dans l’évolution vers une société meilleure. </span></p>
</figcaption>
</figure><div class="wp-block-image"><figure class="aligncenter is-resized"><img loading="lazy" decoding="async" src="https://lh3.googleusercontent.com/pw/AM-JKLVxKQUxiS6rM_NyiDISoqrIdhgcGNZbiu2IuJ4Gj1UByKjJs63GkVX0qavgQ3r9JPIh5hg0IQl-KV1ycMZq5Zi0Rx-Pr08DnYzWiVvCUTWiX_URmobKdEMf4u-5XnAY7ARII-nbgw8KpIdZSchfNOpzvQ=w1406-h969-no?authuser=0" alt="" width="703" height="485" />
<figcaption class="wp-element-caption">Photographie fournie par la CEIP Gabriel Janer Manila</figcaption>
</figure></div>

<p>Photographie fournie par la CEIP Gabriel Janer Manil Au cours du XVIIIe siècle, aussi connu comme siècles des Lumières, un nouveau concept considérant l’éducation comme base de la société future a débuté. Autour de ce mouvement de réformisme européen, dirigé&#8230;</p>
