{"id":11065,"date":"2022-03-02T13:10:42","date_gmt":"2022-03-02T11:10:42","guid":{"rendered":"https:\/\/marratxiesviu.es\/venue\/forns-i-pastisseries-tradicionals\/"},"modified":"2023-06-14T15:56:47","modified_gmt":"2023-06-14T13:56:47","slug":"forns-i-pastisseries-tradicionals","status":"publish","type":"venue","link":"https:\/\/visitmarratxi.es\/fr\/venue\/forns-i-pastisseries-tradicionals\/","title":{"rendered":"Commerces embl\u00e9matiques"},"content":{"rendered":"<p>Les commerces embl\u00e9matiques sont un symbole et l\u2019expression de l\u2019identit\u00e9 de Marratx\u00ed, des \u00e9tablissements qui ont su r\u00e9sister \u00e0 l\u2019\u00e9preuve du temps. Ainsi, nous souhaitons les aider \u00e0 accro\u00eetre leurs connaissances, car ils font partie de l\u2019histoire de la commune et leurs produits sont de la plus haute qualit\u00e9.<\/p><h3 class=\"wp-block-heading\">O\u00f9 les trouver:<\/h3><p><strong><a href=\"https:\/\/www.facebook.com\/olleriasarocallisa\/\" target=\"_blank\" rel=\"noreferrer noopener\">Sa Roca Llisa 26<\/a><\/strong><\/p><p>C. Sa Roca Llisa, 26 \u00b7 Marratx\u00ed \u00b7 Mallorca<\/p><p>olleriasarocallisa.com<\/p><p><strong><a href=\"https:\/\/www.instagram.com\/cascanonge\/\" target=\"_blank\" rel=\"noreferrer noopener\">Olleria Cas Canonge<\/a><\/strong><\/p><p>Cas Canonge, 41 \u00b7 P\u00f2rtol \u00b7 Marratx\u00ed \u00b7 Mallorca<\/p><p>ceramicacascanonge.com<\/p><p><strong><a href=\"https:\/\/www.instagram.com\/feerreteria_can_xic_portol\/\" target=\"_blank\" rel=\"noreferrer noopener\">Can Xic<\/a><\/strong><\/p><p>C. Major, 103 A (P\u00f2rtol)<\/p><div class=\"wp-block-image\"><figure class=\"aligncenter is-resized\"><img loading=\"lazy\" decoding=\"async\" src=\"https:\/\/aparador.marratxi.es\/wp-content\/uploads\/2020\/12\/DSC03142.jpg\" alt=\"\" width=\"733\" height=\"489\" \/><\/figure><\/div><p><strong>Olleria Can Vent<\/strong><\/p><p>C. Trinitat, 39 \u00b7 Marratx\u00ed \u00b7 Mallorca<\/p><p><strong><a href=\"https:\/\/www.instagram.com\/olleriacanbernadi\/\" target=\"_blank\" rel=\"noreferrer noopener\">Can Bernad\u00ed Nou<\/a><\/strong><\/p><p>c\/Jaume I, n\u00ba 6 \u2013 SaCabaneta<\/p><p>siurellscanbernadinou.com<\/p><p><strong><a href=\"https:\/\/www.facebook.com\/canpinet.portol\" target=\"_blank\" rel=\"noreferrer noopener\">Can Pinet<\/a><\/strong><\/p><p>Major, 93<\/p><p><a href=\"https:\/\/can-pinet.negocio.site\/\">https:\/\/can-pinet.negocio.site\/<\/a><\/p><p><strong><a href=\"https:\/\/www.instagram.com\/esforndespladenatesa\/\" target=\"_blank\" rel=\"noreferrer noopener\">Forn des Pla de Na Tesa<\/a><\/strong><\/p><p>Cam\u00ed de son Alegre, 1<\/p><p>www.esforn.com<\/p><div class=\"wp-block-image\"><figure class=\"aligncenter is-resized\"><img loading=\"lazy\" decoding=\"async\" src=\"https:\/\/aparador.marratxi.es\/wp-content\/uploads\/2020\/12\/DSC02859-1.jpg\" alt=\"\" width=\"732\" height=\"488\" \/><\/figure><\/div><p><strong><a href=\"https:\/\/www.instagram.com\/olleriacanbernadi\/\" target=\"_blank\" rel=\"noreferrer noopener\">Olleria Can Bernad\u00ed<\/a><\/strong><\/p><p>Cals Ollers 5 P\u00f2rtol<br \/>Si vous voulez des informations plus d\u00e9taill\u00e9es sur chacun d\u2019entre eux, rendez-vous sur: <a href=\"https:\/\/aparador.marratxi.es\/categoria\/comerc-emblematic\" target=\"_blank\" rel=\"noreferrer noopener\">https:\/\/aparador.marratxi.es\/categoria\/comerc-emblematic <\/a><\/p>","protected":false},"excerpt":{"rendered":"<p>Les commerces embl\u00e9matiques sont un symbole et l\u2019expression de l\u2019identit\u00e9 de Marratx\u00ed, des \u00e9tablissements qui ont su r\u00e9sister \u00e0 l\u2019\u00e9preuve du temps. Ainsi, nous souhaitons les aider \u00e0 accro\u00eetre leurs connaissances, car ils font partie de l\u2019histoire de la commune&#8230;<\/p>\n","protected":false},"author":6,"featured_media":7798,"comment_status":"open","ping_status":"closed","template":"","meta":{"footnotes":""},"venuecat":[434],"venue_tags":[603],"location":[611,604,607,609,613],"class_list":["post-11065","venue","type-venue","status-publish","has-post-thumbnail","hentry","venuecat-gouter-et-faire-du-shopping","venue_tags-general-fr","location-cabaneta-fr","location-marratxi-fr","location-pla-de-na-tesa-fr","location-pont-dinca-fr","location-portol-fr"],"_links":{"self":[{"href":"https:\/\/visitmarratxi.es\/fr\/wp-json\/wp\/v2\/venue\/11065","targetHints":{"allow":["GET"]}}],"collection":[{"href":"https:\/\/visitmarratxi.es\/fr\/wp-json\/wp\/v2\/venue"}],"about":[{"href":"https:\/\/visitmarratxi.es\/fr\/wp-json\/wp\/v2\/types\/venue"}],"author":[{"embeddable":true,"href":"https:\/\/visitmarratxi.es\/fr\/wp-json\/wp\/v2\/users\/6"}],"replies":[{"embeddable":true,"href":"https:\/\/visitmarratxi.es\/fr\/wp-json\/wp\/v2\/comments?post=11065"}],"version-history":[{"count":2,"href":"https:\/\/visitmarratxi.es\/fr\/wp-json\/wp\/v2\/venue\/11065\/revisions"}],"predecessor-version":[{"id":11067,"href":"https:\/\/visitmarratxi.es\/fr\/wp-json\/wp\/v2\/venue\/11065\/revisions\/11067"}],"wp:featuredmedia":[{"embeddable":true,"href":"https:\/\/visitmarratxi.es\/fr\/wp-json\/wp\/v2\/media\/7798"}],"wp:attachment":[{"href":"https:\/\/visitmarratxi.es\/fr\/wp-json\/wp\/v2\/media?parent=11065"}],"wp:term":[{"taxonomy":"venuecat","embeddable":true,"href":"https:\/\/visitmarratxi.es\/fr\/wp-json\/wp\/v2\/venuecat?post=11065"},{"taxonomy":"venue_tags","embeddable":true,"href":"https:\/\/visitmarratxi.es\/fr\/wp-json\/wp\/v2\/venue_tags?post=11065"},{"taxonomy":"location","embeddable":true,"href":"https:\/\/visitmarratxi.es\/fr\/wp-json\/wp\/v2\/location?post=11065"}],"curies":[{"name":"wp","href":"https:\/\/api.w.org\/{rel}","templated":true}]}}

Commerces emblématiques

<p>Les commerces emblématiques sont un symbole et l’expression de l’identité de Marratxí, des établissements qui ont su résister à l’épreuve du temps. Ainsi, nous souhaitons les aider à accroître leurs connaissances, car ils font partie de l’histoire de la commune et leurs produits sont de la plus haute qualité.</p><h3 class="wp-block-heading">Où les trouver:</h3><p><strong><a href="https://www.facebook.com/olleriasarocallisa/" target="_blank" rel="noreferrer noopener">Sa Roca Llisa 26</a></strong></p><p>C. Sa Roca Llisa, 26 · Marratxí · Mallorca</p><p>olleriasarocallisa.com</p><p><strong><a href="https://www.instagram.com/cascanonge/" target="_blank" rel="noreferrer noopener">Olleria Cas Canonge</a></strong></p><p>Cas Canonge, 41 · Pòrtol · Marratxí · Mallorca</p><p>ceramicacascanonge.com</p><p><strong><a href="https://www.instagram.com/feerreteria_can_xic_portol/" target="_blank" rel="noreferrer noopener">Can Xic</a></strong></p><p>C. Major, 103 A (Pòrtol)</p><div class="wp-block-image"><figure class="aligncenter is-resized"><img loading="lazy" decoding="async" src="https://aparador.marratxi.es/wp-content/uploads/2020/12/DSC03142.jpg" alt="" width="733" height="489" /></figure></div><p><strong>Olleria Can Vent</strong></p><p>C. Trinitat, 39 · Marratxí · Mallorca</p><p><strong><a href="https://www.instagram.com/olleriacanbernadi/" target="_blank" rel="noreferrer noopener">Can Bernadí Nou</a></strong></p><p>c/Jaume I, nº 6 – SaCabaneta</p><p>siurellscanbernadinou.com</p><p><strong><a href="https://www.facebook.com/canpinet.portol" target="_blank" rel="noreferrer noopener">Can Pinet</a></strong></p><p>Major, 93</p><p><a href="https://can-pinet.negocio.site/">https://can-pinet.negocio.site/</a></p><p><strong><a href="https://www.instagram.com/esforndespladenatesa/" target="_blank" rel="noreferrer noopener">Forn des Pla de Na Tesa</a></strong></p><p>Camí de son Alegre, 1</p><p>www.esforn.com</p><div class="wp-block-image"><figure class="aligncenter is-resized"><img loading="lazy" decoding="async" src="https://aparador.marratxi.es/wp-content/uploads/2020/12/DSC02859-1.jpg" alt="" width="732" height="488" /></figure></div><p><strong><a href="https://www.instagram.com/olleriacanbernadi/" target="_blank" rel="noreferrer noopener">Olleria Can Bernadí</a></strong></p><p>Cals Ollers 5 Pòrtol<br />Si vous voulez des informations plus détaillées sur chacun d’entre eux, rendez-vous sur: <a href="https://aparador.marratxi.es/categoria/comerc-emblematic" target="_blank" rel="noreferrer noopener">https://aparador.marratxi.es/categoria/comerc-emblematic </a></p>

<p>Les commerces emblématiques sont un symbole et l’expression de l’identité de Marratxí, des établissements qui ont su résister à l’épreuve du temps. Ainsi, nous souhaitons les aider à accroître leurs connaissances, car ils font partie de l’histoire de la commune&#8230;</p>
